Last updated on 2022-08-07 09:54:08 CEST.
Flavor | Version | Tinstall | Tcheck | Ttotal | Status | Flags |
---|---|---|---|---|---|---|
r-devel-linux-x86_64-debian-clang | 2.0.6 | 1392.04 | 129.51 | 1521.55 | NOTE | |
r-devel-linux-x86_64-debian-gcc | 2.0.6 | 1072.00 | 95.30 | 1167.30 | NOTE | |
r-devel-linux-x86_64-fedora-clang | 2.0.6 | 2245.53 | NOTE | |||
r-devel-linux-x86_64-fedora-gcc | 2.0.6 | 2060.14 | NOTE | |||
r-devel-windows-x86_64 | 2.0.6 | 1056.00 | 205.00 | 1261.00 | NOTE | |
r-patched-linux-x86_64 | 2.0.6 | 1144.70 | 120.18 | 1264.88 | OK | |
r-release-linux-x86_64 | 2.0.6 | 1104.01 | 120.48 | 1224.49 | OK | |
r-release-macos-arm64 | 2.0.6 | 425.00 | NOTE | |||
r-release-macos-x86_64 | 2.0.6 | 510.00 | NOTE | |||
r-release-windows-x86_64 | 2.0.6 | 1005.00 | 200.00 | 1205.00 | NOTE | |
r-oldrel-macos-arm64 | 2.0.6 | 350.00 | NOTE | |||
r-oldrel-macos-x86_64 | 2.0.6 | 527.00 | NOTE | |||
r-oldrel-windows-ix86+x86_64 | 2.0.6 | 3278.00 | 229.00 | 3507.00 | NOTE |
Version: 2.0.6
Check: Rd files
Result: NOTE
checkRd: (-1) ancova1.Rd:42: Escaped LaTeX specials: \&
checkRd: (-1) ancovas.Rd:42: Escaped LaTeX specials: \&
checkRd: (-1) boot.ttest2.Rd:39: Escaped LaTeX specials: \&
checkRd: (-1) colnormal.mle.Rd:72: Escaped LaTeX specials: \&
checkRd: (-1) colnormal.mle.Rd:74: Escaped LaTeX specials: \&
checkRd: (-1) colnormal.mle.Rd:77: Escaped LaTeX specials: \&
checkRd: (-1) colrint.regbx.Rd:58: Escaped LaTeX specials: \&
checkRd: (-1) colvarcomps.mom.Rd:69: Escaped LaTeX specials: \&
checkRd: (-1) colvarcomps.mom.Rd:74: Escaped LaTeX specials: \&
checkRd: (-1) ftest.Rd:90: Escaped LaTeX specials: \&
checkRd: (-1) ftests.Rd:68: Escaped LaTeX specials: \&
checkRd: (-1) gammamle.Rd:81: Escaped LaTeX specials: \&
checkRd: (-1) gammamle.Rd:83: Escaped LaTeX specials: \&
checkRd: (-1) gammamle.Rd:88: Escaped LaTeX specials: \&
checkRd: (-1) rint.regbx.Rd:65: Escaped LaTeX specials: \&
checkRd: (-1) rint.regs.Rd:57: Escaped LaTeX specials: \&
checkRd: (-1) twoway.anovas.Rd:46: Escaped LaTeX specials: \&
checkRd: (-1) varcomps.mom.Rd:66: Escaped LaTeX specials: \&
checkRd: (-1) varcomps.mom.Rd:70: Escaped LaTeX specials: \&
checkRd: (-1) vm.mle.Rd:60: Escaped LaTeX specials: \&
Flavors: r-devel-linux-x86_64-debian-clang, r-devel-linux-x86_64-debian-gcc, r-devel-linux-x86_64-fedora-clang, r-devel-linux-x86_64-fedora-gcc, r-devel-windows-x86_64
Version: 2.0.6
Check: installed package size
Result: NOTE
installed size is 39.0Mb
sub-directories of 1Mb or more:
libs 37.7Mb
Flavors: r-devel-linux-x86_64-fedora-clang, r-devel-windows-x86_64, r-release-macos-arm64, r-release-macos-x86_64, r-release-windows-x86_64, r-oldrel-macos-arm64, r-oldrel-macos-x86_64, r-oldrel-windows-ix86+x86_64