CRAN Package Check Results for Package RegKink

Last updated on 2023-01-31 10:52:20 CET.

Flavor Version Tinstall Tcheck Ttotal Status Flags
r-devel-linux-x86_64-debian-clang 0.1.0 2.04 21.72 23.76 OK
r-devel-linux-x86_64-debian-gcc 0.1.0 1.30 17.08 18.38 OK
r-devel-linux-x86_64-fedora-clang 0.1.0 30.08 NOTE
r-devel-linux-x86_64-fedora-gcc 0.1.0 29.74 NOTE
r-devel-windows-x86_64 0.1.0 7.00 50.00 57.00 OK
r-patched-linux-x86_64 0.1.0 1.98 21.80 23.78 OK
r-release-linux-x86_64 0.1.0 1.48 21.70 23.18 OK
r-release-macos-arm64 0.1.0 13.00 NOTE
r-release-macos-x86_64 0.1.0 20.00 NOTE
r-release-windows-x86_64 0.1.0 8.00 53.00 61.00 OK
r-oldrel-macos-arm64 0.1.0 18.00 NOTE
r-oldrel-macos-x86_64 0.1.0 25.00 NOTE
r-oldrel-windows-ix86+x86_64 0.1.0 6.00 47.00 53.00 OK

Check Details

Version: 0.1.0
Check: dependencies in R code
Result: NOTE
    Namespace in Imports field not imported from: ‘MASS’
     All declared Imports should be used.
Flavors: r-devel-linux-x86_64-fedora-clang, r-devel-linux-x86_64-fedora-gcc, r-release-macos-arm64, r-release-macos-x86_64, r-oldrel-macos-arm64, r-oldrel-macos-x86_64