Last updated on 2022-06-25 09:53:52 CEST.
Flavor | Version | Tinstall | Tcheck | Ttotal | Status | Flags |
---|---|---|---|---|---|---|
r-devel-linux-x86_64-debian-clang | 0.0.1.2 | 43.53 | 27.81 | 71.34 | NOTE | |
r-devel-linux-x86_64-debian-gcc | 0.0.1.2 | 39.47 | 21.80 | 61.27 | NOTE | |
r-devel-linux-x86_64-fedora-clang | 0.0.1.2 | 116.42 | NOTE | |||
r-devel-linux-x86_64-fedora-gcc | 0.0.1.2 | 108.99 | NOTE | |||
r-devel-windows-x86_64 | 0.0.1.2 | 61.00 | 85.00 | 146.00 | NOTE | |
r-patched-linux-x86_64 | 0.0.1.2 | 42.24 | 26.91 | 69.15 | NOTE | |
r-release-linux-x86_64 | 0.0.1.2 | 37.06 | 26.99 | 64.05 | NOTE | |
r-release-macos-arm64 | 0.0.1.2 | 23.00 | ERROR | |||
r-release-macos-x86_64 | 0.0.1.2 | 28.00 | ERROR | |||
r-release-windows-x86_64 | 0.0.1.2 | 56.00 | 89.00 | 145.00 | NOTE | |
r-oldrel-macos-arm64 | 0.0.1.2 | 23.00 | ERROR | |||
r-oldrel-macos-x86_64 | 0.0.1.2 | 31.00 | ERROR | |||
r-oldrel-windows-ix86+x86_64 | 0.0.1.2 | 136.00 | 83.00 | 219.00 | NOTE |
Version: 0.0.1.2
Check: LazyData
Result: NOTE
'LazyData' is specified without a 'data' directory
Flavors: r-devel-linux-x86_64-debian-clang, r-devel-linux-x86_64-debian-gcc, r-devel-linux-x86_64-fedora-clang, r-devel-linux-x86_64-fedora-gcc, r-devel-windows-x86_64, r-patched-linux-x86_64, r-release-linux-x86_64, r-release-windows-x86_64, r-oldrel-windows-ix86+x86_64
Version: 0.0.1.2
Check: for GNU extensions in Makefiles
Result: NOTE
GNU make is a SystemRequirements.
Flavors: r-devel-linux-x86_64-debian-clang, r-devel-linux-x86_64-debian-gcc, r-devel-linux-x86_64-fedora-clang, r-devel-linux-x86_64-fedora-gcc, r-devel-windows-x86_64, r-patched-linux-x86_64, r-release-linux-x86_64, r-release-windows-x86_64, r-oldrel-windows-ix86+x86_64
Version: 0.0.1.2
Check: whether package can be installed
Result: ERROR
Installation failed.
Flavors: r-release-macos-arm64, r-release-macos-x86_64, r-oldrel-macos-arm64, r-oldrel-macos-x86_64
Version: 0.0.1.2
Check: installed package size
Result: NOTE
installed size is 5.9Mb
sub-directories of 1Mb or more:
libs 5.8Mb
Flavor: r-oldrel-windows-ix86+x86_64