Last updated on 2024-04-23 10:54:14 CEST.
Flavor | Version | Tinstall | Tcheck | Ttotal | Status | Flags |
---|---|---|---|---|---|---|
r-devel-linux-x86_64-debian-clang | 0.1.1 | 57.32 | 40.05 | 97.37 | NOTE | |
r-devel-linux-x86_64-debian-gcc | 0.1.1 | 45.97 | 30.95 | 76.92 | NOTE | |
r-devel-linux-x86_64-fedora-clang | 0.1.1 | 137.67 | NOTE | |||
r-devel-linux-x86_64-fedora-gcc | 0.1.1 | 154.54 | NOTE | |||
r-prerel-macos-arm64 | 0.1.1 | 46.00 | NOTE | |||
r-prerel-windows-x86_64 | 0.1.1 | 44.00 | 79.00 | 123.00 | NOTE | |
r-patched-linux-x86_64 | 0.1.1 | 64.00 | 38.62 | 102.62 | NOTE | |
r-release-linux-x86_64 | 0.1.1 | 55.73 | 37.98 | 93.71 | NOTE | |
r-release-macos-arm64 | 0.1.1 | 48.00 | NOTE | |||
r-release-macos-x86_64 | 0.1.1 | 75.00 | NOTE | |||
r-release-windows-x86_64 | 0.1.1 | 55.00 | 86.00 | 141.00 | NOTE | |
r-oldrel-macos-arm64 | 0.1.1 | 40.00 | NOTE | |||
r-oldrel-windows-x86_64 | 0.1.1 | 53.00 | 87.00 | 140.00 | NOTE |
Version: 0.1.1
Check: C++ specification
Result: NOTE
Specified C++11: please drop specification unless essential
Flavors: r-devel-linux-x86_64-debian-clang, r-devel-linux-x86_64-debian-gcc, r-devel-linux-x86_64-fedora-clang, r-devel-linux-x86_64-fedora-gcc, r-prerel-macos-arm64, r-prerel-windows-x86_64, r-patched-linux-x86_64, r-release-linux-x86_64, r-release-macos-arm64, r-release-macos-x86_64, r-release-windows-x86_64
Version: 0.1.1
Check: LazyData
Result: NOTE
'LazyData' is specified without a 'data' directory
Flavors: r-devel-linux-x86_64-debian-clang, r-devel-linux-x86_64-debian-gcc, r-devel-linux-x86_64-fedora-clang, r-devel-linux-x86_64-fedora-gcc, r-prerel-macos-arm64, r-prerel-windows-x86_64, r-patched-linux-x86_64, r-release-linux-x86_64, r-release-macos-arm64, r-release-macos-x86_64, r-release-windows-x86_64, r-oldrel-macos-arm64, r-oldrel-windows-x86_64