Last updated on 2024-03-18 09:49:32 CET.
Flavor | Version | Tinstall | Tcheck | Ttotal | Status | Flags |
---|---|---|---|---|---|---|
r-devel-linux-x86_64-debian-clang | 2.8.3 | 309.29 | 209.74 | 519.03 | OK | |
r-devel-linux-x86_64-debian-gcc | 2.8.3 | 237.69 | 161.89 | 399.58 | OK | |
r-devel-linux-x86_64-fedora-clang | 2.8.3 | 817.10 | OK | |||
r-devel-linux-x86_64-fedora-gcc | 2.8.3 | 731.30 | OK | |||
r-devel-windows-x86_64 | 2.8.3 | 247.00 | 251.00 | 498.00 | OK | |
r-patched-linux-x86_64 | 2.8.3 | 308.89 | 200.27 | 509.16 | OK | |
r-release-linux-x86_64 | 2.8.3 | 303.10 | 204.35 | 507.45 | OK | |
r-release-macos-arm64 | 2.8.3 | 193.00 | NOTE | |||
r-release-macos-x86_64 | 2.8.3 | 336.00 | NOTE | |||
r-release-windows-x86_64 | 2.8.3 | 253.00 | 270.00 | 523.00 | OK | |
r-oldrel-macos-arm64 | 2.8.3 | 176.00 | NOTE | |||
r-oldrel-windows-x86_64 | 2.8.3 | 282.00 | 250.00 | 532.00 | OK |
Version: 2.8.3
Check: installed package size
Result: NOTE
installed size is 20.1Mb
sub-directories of 1Mb or more:
doc 1.1Mb
libs 17.8Mb
Flavors: r-release-macos-arm64, r-release-macos-x86_64, r-oldrel-macos-arm64