Last updated on 2024-04-28 10:54:07 CEST.
Flavor | Version | Tinstall | Tcheck | Ttotal | Status | Flags |
---|---|---|---|---|---|---|
r-devel-linux-x86_64-debian-clang | 0.3.2.1 | 13.88 | 94.67 | 108.55 | OK | |
r-devel-linux-x86_64-debian-gcc | 0.3.2.1 | 10.41 | 69.83 | 80.24 | OK | |
r-devel-linux-x86_64-fedora-clang | 0.3.2.1 | 136.38 | NOTE | |||
r-devel-linux-x86_64-fedora-gcc | 0.3.2.1 | 144.42 | OK | |||
r-devel-windows-x86_64 | 0.3.2.1 | 16.00 | 156.00 | 172.00 | OK | |
r-patched-linux-x86_64 | 0.3.2.1 | 13.57 | 87.54 | 101.11 | OK | |
r-release-linux-x86_64 | 0.3.2.1 | 13.67 | 86.42 | 100.09 | OK | |
r-release-macos-arm64 | 0.3.2.1 | 69.00 | OK | |||
r-release-windows-x86_64 | 0.3.2.1 | 18.00 | 158.00 | 176.00 | OK | |
r-oldrel-macos-arm64 | 0.3.2.1 | 56.00 | OK | |||
r-oldrel-macos-x86_64 | 0.3.2.1 | 106.00 | OK | |||
r-oldrel-windows-x86_64 | 0.3.2.1 | 20.00 | 146.00 | 166.00 | OK |
Version: 0.3.2.1
Check: installed package size
Result: NOTE
installed size is 6.2Mb
sub-directories of 1Mb or more:
exdata 2.4Mb
libs 1.9Mb
Flavor: r-devel-linux-x86_64-fedora-clang