Last updated on 2024-05-05 10:53:38 CEST.
Flavor | Version | Tinstall | Tcheck | Ttotal | Status | Flags |
---|---|---|---|---|---|---|
r-devel-linux-x86_64-debian-clang | 0.6.4 | 34.04 | 117.65 | 151.69 | NOTE | |
r-devel-linux-x86_64-debian-gcc | 0.6.4 | 23.10 | 86.27 | 109.37 | NOTE | |
r-devel-linux-x86_64-fedora-clang | 0.6.4 | 184.96 | NOTE | |||
r-devel-linux-x86_64-fedora-gcc | 0.6.4 | 202.93 | NOTE | |||
r-devel-windows-x86_64 | 0.6.4 | 27.00 | 121.00 | 148.00 | NOTE | |
r-patched-linux-x86_64 | 0.6.4 | 30.27 | 111.60 | 141.87 | NOTE | |
r-release-linux-x86_64 | 0.6.4 | 18.80 | 112.04 | 130.84 | NOTE | |
r-release-macos-arm64 | 0.6.4 | 60.00 | NOTE | |||
r-release-windows-x86_64 | 0.6.4 | 29.00 | 129.00 | 158.00 | NOTE | |
r-oldrel-macos-arm64 | 0.6.4 | 65.00 | NOTE | |||
r-oldrel-macos-x86_64 | 0.6.4 | 109.00 | NOTE | |||
r-oldrel-windows-x86_64 | 0.6.4 | 30.00 | 149.00 | 179.00 | NOTE |
Version: 0.6.4
Check: C++ specification
Result: NOTE
Specified C++11: please drop specification unless essential
Flavors: r-devel-linux-x86_64-debian-clang, r-devel-linux-x86_64-debian-gcc, r-devel-linux-x86_64-fedora-clang, r-devel-linux-x86_64-fedora-gcc, r-devel-windows-x86_64, r-patched-linux-x86_64, r-release-linux-x86_64, r-release-macos-arm64, r-release-windows-x86_64, r-oldrel-macos-arm64, r-oldrel-macos-x86_64, r-oldrel-windows-x86_64