Last updated on 2024-05-11 09:51:33 CEST.
Flavor | Version | Tinstall | Tcheck | Ttotal | Status | Flags |
---|---|---|---|---|---|---|
r-devel-linux-x86_64-debian-clang | 1.7.1.8 | 3.39 | 14.86 | 18.25 | NOTE | |
r-devel-linux-x86_64-debian-gcc | 1.7.1.8 | 1.49 | 11.62 | 13.11 | NOTE | |
r-devel-linux-x86_64-fedora-clang | 1.7.1.8 | 22.25 | NOTE | |||
r-devel-linux-x86_64-fedora-gcc | 1.7.1.8 | 24.87 | NOTE | |||
r-devel-windows-x86_64 | 1.7.1.8 | 10.00 | 33.00 | 43.00 | NOTE | |
r-patched-linux-x86_64 | 1.7.1.8 | 3.16 | 14.11 | 17.27 | NOTE | |
r-release-linux-x86_64 | 1.7.1.8 | 2.30 | 14.27 | 16.57 | NOTE | |
r-release-macos-arm64 | 1.7.1.8 | 13.00 | NOTE | |||
r-release-windows-x86_64 | 1.7.1.8 | 4.00 | 33.00 | 37.00 | NOTE | |
r-oldrel-macos-arm64 | 1.7.1.8 | 14.00 | NOTE | |||
r-oldrel-macos-x86_64 | 1.7.1.8 | 16.00 | NOTE | |||
r-oldrel-windows-x86_64 | 1.7.1.8 | 4.00 | 30.00 | 34.00 | NOTE |
Version: 1.7.1.8
Check: package dependencies
Result: NOTE
Package suggested but not available for checking: ‘gpuR’
Flavors: r-devel-linux-x86_64-debian-clang, r-devel-linux-x86_64-debian-gcc, r-devel-linux-x86_64-fedora-clang, r-devel-linux-x86_64-fedora-gcc, r-devel-windows-x86_64, r-patched-linux-x86_64, r-release-linux-x86_64, r-release-macos-arm64, r-release-windows-x86_64, r-oldrel-macos-arm64, r-oldrel-macos-x86_64, r-oldrel-windows-x86_64
Version: 1.7.1.8
Check: installed package size
Result: NOTE
installed size is 5.3Mb
sub-directories of 1Mb or more:
include 5.3Mb
Flavors: r-devel-linux-x86_64-fedora-clang, r-devel-windows-x86_64, r-release-macos-arm64, r-release-windows-x86_64, r-oldrel-macos-arm64, r-oldrel-macos-x86_64, r-oldrel-windows-x86_64