CRAN Package Check Results for Package RVerbalExpressions

Last updated on 2023-02-05 09:57:29 CET.

Flavor Version Tinstall Tcheck Ttotal Status Flags
r-devel-linux-x86_64-debian-clang 0.1.0 3.08 30.37 33.45 NOTE
r-devel-linux-x86_64-debian-gcc 0.1.0 1.70 23.57 25.27 NOTE
r-devel-linux-x86_64-fedora-clang 0.1.0 42.40 NOTE
r-devel-linux-x86_64-fedora-gcc 0.1.0 52.32 NOTE
r-devel-windows-x86_64 0.1.0 106.00 70.00 176.00 NOTE
r-patched-linux-x86_64 0.1.0 2.62 29.54 32.16 NOTE
r-release-linux-x86_64 0.1.0 2.75 29.01 31.76 NOTE
r-release-macos-arm64 0.1.0 18.00 NOTE
r-release-macos-x86_64 0.1.0 27.00 NOTE
r-release-windows-x86_64 0.1.0 178.00 68.00 246.00 NOTE
r-oldrel-macos-arm64 0.1.0 24.00 NOTE
r-oldrel-macos-x86_64 0.1.0 33.00 NOTE
r-oldrel-windows-ix86+x86_64 0.1.0 7.00 58.00 65.00 NOTE

Check Details

Version: 0.1.0
Check: LazyData
Result: NOTE
     'LazyData' is specified without a 'data' directory
Flavors: r-devel-linux-x86_64-debian-clang, r-devel-linux-x86_64-debian-gcc, r-devel-linux-x86_64-fedora-clang, r-devel-linux-x86_64-fedora-gcc, r-devel-windows-x86_64, r-patched-linux-x86_64, r-release-linux-x86_64, r-release-macos-arm64, r-release-macos-x86_64, r-release-windows-x86_64, r-oldrel-macos-arm64, r-oldrel-macos-x86_64, r-oldrel-windows-ix86+x86_64