CRAN Package Check Results for Package RTextTools

Last updated on 2024-07-13 10:48:58 CEST.

Flavor Version Tinstall Tcheck Ttotal Status Flags
r-devel-linux-x86_64-debian-clang 1.4.3 16.88 130.93 147.81 OK
r-devel-linux-x86_64-debian-gcc 1.4.3 12.62 100.10 112.72 OK
r-devel-linux-x86_64-fedora-clang 1.4.3 190.09 NOTE
r-devel-linux-x86_64-fedora-gcc 1.4.3 185.21 NOTE
r-devel-windows-x86_64 1.4.3 22.00 118.00 140.00 OK
r-patched-linux-x86_64 1.4.3 16.86 124.16 141.02 OK
r-release-linux-x86_64 1.4.3 14.71 121.39 136.10 OK
r-release-macos-arm64 1.4.3 56.00 OK
r-release-macos-x86_64 1.4.3 83.00 OK
r-release-windows-x86_64 1.4.3 22.00 121.00 143.00 OK
r-oldrel-macos-arm64 1.4.3 61.00 OK
r-oldrel-macos-x86_64 1.4.3 90.00 OK
r-oldrel-windows-x86_64 1.4.3 25.00 144.00 169.00 OK

Check Details

Version: 1.4.3
Check: compiled code
Result: NOTE File ‘RTextTools/libs/RTextTools.so’: Found no calls to: ‘R_registerRoutines’, ‘R_useDynamicSymbols’ It is good practice to register native routines and to disable symbol search. See ‘Writing portable packages’ in the ‘Writing R Extensions’ manual. Flavors: r-devel-linux-x86_64-fedora-clang, r-devel-linux-x86_64-fedora-gcc