Last updated on 2024-03-28 10:49:47 CET.
Flavor | Version | Tinstall | Tcheck | Ttotal | Status | Flags |
---|---|---|---|---|---|---|
r-devel-linux-x86_64-debian-clang | 1.4.3 | 17.63 | 131.78 | 149.41 | OK | |
r-devel-linux-x86_64-debian-gcc | 1.4.3 | 13.12 | 99.62 | 112.74 | OK | |
r-devel-linux-x86_64-fedora-clang | 1.4.3 | 186.12 | NOTE | |||
r-devel-linux-x86_64-fedora-gcc | 1.4.3 | 176.37 | NOTE | |||
r-devel-windows-x86_64 | 1.4.3 | 21.00 | 132.00 | 153.00 | OK | |
r-patched-linux-x86_64 | 1.4.3 | 17.24 | 123.15 | 140.39 | OK | |
r-release-linux-x86_64 | 1.4.3 | 16.86 | 126.44 | 143.30 | OK | |
r-release-macos-arm64 | 1.4.3 | 61.00 | OK | |||
r-release-macos-x86_64 | 1.4.3 | 90.00 | OK | |||
r-release-windows-x86_64 | 1.4.3 | 26.00 | 149.00 | 175.00 | OK | |
r-oldrel-macos-arm64 | 1.4.3 | 51.00 | OK | |||
r-oldrel-windows-x86_64 | 1.4.3 | 23.00 | 140.00 | 163.00 | OK |
Version: 1.4.3
Check: compiled code
Result: NOTE
File ‘RTextTools/libs/RTextTools.so’:
Found no calls to: ‘R_registerRoutines’, ‘R_useDynamicSymbols’
It is good practice to register native routines and to disable symbol
search.
See ‘Writing portable packages’ in the ‘Writing R Extensions’ manual.
Flavors: r-devel-linux-x86_64-fedora-clang, r-devel-linux-x86_64-fedora-gcc