Last updated on 2022-05-28 10:50:56 CEST.
Flavor | Version | Tinstall | Tcheck | Ttotal | Status | Flags |
---|---|---|---|---|---|---|
r-devel-linux-x86_64-debian-clang | 1.4.3 | 12.61 | 123.33 | 135.94 | OK | |
r-devel-linux-x86_64-debian-gcc | 1.4.3 | 10.91 | 97.52 | 108.43 | OK | |
r-devel-linux-x86_64-fedora-clang | 1.4.3 | 164.00 | NOTE | |||
r-devel-linux-x86_64-fedora-gcc | 1.4.3 | 160.15 | NOTE | |||
r-devel-windows-x86_64 | 1.4.3 | 49.00 | 147.00 | 196.00 | OK | |
r-patched-linux-x86_64 | 1.4.3 | 13.50 | 119.94 | 133.44 | OK | |
r-release-linux-x86_64 | 1.4.3 | 11.41 | 119.13 | 130.54 | OK | |
r-release-macos-arm64 | 1.4.3 | 51.00 | OK | |||
r-release-macos-x86_64 | 1.4.3 | 86.00 | OK | |||
r-release-windows-x86_64 | 1.4.3 | 60.00 | 149.00 | 209.00 | OK | |
r-oldrel-macos-arm64 | 1.4.3 | 60.00 | OK | |||
r-oldrel-macos-x86_64 | 1.4.3 | 82.00 | OK | |||
r-oldrel-windows-ix86+x86_64 | 1.4.3 | 43.00 | 204.00 | 247.00 | OK |
Version: 1.4.3
Check: compiled code
Result: NOTE
File ‘RTextTools/libs/RTextTools.so’:
Found no calls to: ‘R_registerRoutines’, ‘R_useDynamicSymbols’
It is good practice to register native routines and to disable symbol
search.
See ‘Writing portable packages’ in the ‘Writing R Extensions’ manual.
Flavors: r-devel-linux-x86_64-fedora-clang, r-devel-linux-x86_64-fedora-gcc