Last updated on 2024-04-17 08:57:44 CEST.
Flavor | Version | Tinstall | Tcheck | Ttotal | Status | Flags |
---|---|---|---|---|---|---|
r-devel-linux-x86_64-debian-clang | 0.2.1 | 4.85 | 51.93 | 56.78 | OK | |
r-devel-linux-x86_64-debian-gcc | 0.2.1 | 3.10 | 37.97 | 41.07 | OK | |
r-devel-linux-x86_64-fedora-clang | 0.2.1 | 69.11 | NOTE | |||
r-devel-linux-x86_64-fedora-gcc | 0.2.1 | 67.49 | NOTE | |||
r-prerel-macos-arm64 | 0.2.1 | 23.00 | OK | |||
r-prerel-windows-x86_64 | 0.2.1 | 7.00 | 68.00 | 75.00 | OK | |
r-patched-linux-x86_64 | 0.2.1 | 5.38 | 47.87 | 53.25 | OK | |
r-release-linux-x86_64 | 0.2.1 | 2.86 | 50.65 | 53.51 | OK | |
r-release-macos-arm64 | 0.2.1 | 26.00 | OK | |||
r-release-macos-x86_64 | 0.2.1 | 37.00 | OK | |||
r-release-windows-x86_64 | 0.2.1 | 7.00 | 77.00 | 84.00 | OK | |
r-oldrel-macos-arm64 | 0.2.1 | 21.00 | NOTE | |||
r-oldrel-windows-x86_64 | 0.2.1 | 8.00 | 75.00 | 83.00 | OK |
Version: 0.2.1
Check: dependencies in R code
Result: NOTE
Namespace in Imports field not imported from: ‘mc2d’
All declared Imports should be used.
Flavors: r-devel-linux-x86_64-fedora-clang, r-devel-linux-x86_64-fedora-gcc, r-oldrel-macos-arm64