Last updated on 2024-04-25 08:00:06 CEST.
Flavor | Version | Tinstall | Tcheck | Ttotal | Status | Flags |
---|---|---|---|---|---|---|
r-devel-linux-x86_64-debian-clang | 1.0 | 4.97 | 38.76 | 43.73 | NOTE | |
r-devel-linux-x86_64-debian-gcc | 1.0 | 4.02 | 28.55 | 32.57 | NOTE | |
r-devel-linux-x86_64-fedora-clang | 1.0 | 56.80 | NOTE | |||
r-devel-linux-x86_64-fedora-gcc | 1.0 | 53.10 | NOTE | |||
r-devel-windows-x86_64 | 1.0 | 5.00 | 48.00 | 53.00 | NOTE | |
r-patched-linux-x86_64 | 1.0 | 7.19 | 37.86 | 45.05 | NOTE | |
r-release-linux-x86_64 | 1.0 | 5.61 | 37.90 | 43.51 | NOTE | |
r-release-macos-arm64 | 1.0 | 19.00 | NOTE | |||
r-release-windows-x86_64 | 1.0 | 7.00 | 48.00 | 55.00 | NOTE | |
r-oldrel-macos-arm64 | 1.0 | 20.00 | NOTE | |||
r-oldrel-macos-x86_64 | 1.0 | 29.00 | NOTE | |||
r-oldrel-windows-x86_64 | 1.0 | 7.00 | 53.00 | 60.00 | NOTE |
Version: 1.0
Check: LazyData
Result: NOTE
'LazyData' is specified without a 'data' directory
Flavors: r-devel-linux-x86_64-debian-clang, r-devel-linux-x86_64-debian-gcc, r-devel-linux-x86_64-fedora-clang, r-devel-linux-x86_64-fedora-gcc, r-devel-windows-x86_64, r-patched-linux-x86_64, r-release-linux-x86_64, r-release-macos-arm64, r-release-windows-x86_64, r-oldrel-macos-arm64, r-oldrel-macos-x86_64, r-oldrel-windows-x86_64