CRAN Package Check Results for Package RSNNS

Last updated on 2022-01-18 10:17:27 CET.

Flavor Version Tinstall Tcheck Ttotal Status Flags
r-devel-linux-x86_64-debian-clang 0.4-14 71.07 59.71 130.78 OK
r-devel-linux-x86_64-debian-gcc 0.4-14 62.73 48.13 110.86 OK
r-devel-linux-x86_64-fedora-clang 0.4-14 238.95 NOTE
r-devel-linux-x86_64-fedora-gcc 0.4-14 174.68 OK
r-devel-windows-x86_64-new-UL 0.4-14 188.00 115.00 303.00 OK
r-devel-windows-x86_64-new-TK 0.4-14 OK
r-patched-linux-x86_64 0.4-14 70.62 59.21 129.83 OK
r-release-linux-x86_64 0.4-14 OK
r-release-macos-arm64 0.4-14 NOTE
r-release-macos-x86_64 0.4-14 NOTE
r-release-windows-ix86+x86_64 0.4-14 209.00 112.00 321.00 OK
r-oldrel-macos-x86_64 0.4-14 NOTE
r-oldrel-windows-ix86+x86_64 0.4-14 209.00 110.00 319.00 OK

Check Details

Version: 0.4-14
Check: installed package size
Result: NOTE
     installed size is 5.3Mb
     sub-directories of 1Mb or more:
     libs 4.3Mb
Flavors: r-devel-linux-x86_64-fedora-clang, r-release-macos-arm64, r-release-macos-x86_64, r-oldrel-macos-x86_64