CRAN Package Check Results for Package RQEntangle

Last updated on 2022-08-15 10:51:18 CEST.

Flavor Version Tinstall Tcheck Ttotal Status Flags
r-devel-linux-x86_64-debian-clang 0.1.3 2.60 44.83 47.43 NOTE
r-devel-linux-x86_64-debian-gcc 0.1.3 1.69 32.57 34.26 NOTE
r-devel-linux-x86_64-fedora-clang 0.1.3 65.82 NOTE
r-devel-linux-x86_64-fedora-gcc 0.1.3 63.38 NOTE
r-devel-windows-x86_64 0.1.3 13.00 76.00 89.00 NOTE
r-patched-linux-x86_64 0.1.3 2.11 41.77 43.88 NOTE
r-release-linux-x86_64 0.1.3 1.98 41.27 43.25 NOTE
r-release-macos-arm64 0.1.3 22.00 NOTE
r-release-macos-x86_64 0.1.3 31.00 NOTE
r-release-windows-x86_64 0.1.3 20.00 77.00 97.00 NOTE
r-oldrel-macos-arm64 0.1.3 30.00 NOTE
r-oldrel-macos-x86_64 0.1.3 48.00 NOTE
r-oldrel-windows-ix86+x86_64 0.1.3 7.00 65.00 72.00 NOTE

Check Details

Version: 0.1.3
Check: LazyData
Result: NOTE
     'LazyData' is specified without a 'data' directory
Flavors: r-devel-linux-x86_64-debian-clang, r-devel-linux-x86_64-debian-gcc, r-devel-linux-x86_64-fedora-clang, r-devel-linux-x86_64-fedora-gcc, r-devel-windows-x86_64, r-patched-linux-x86_64, r-release-linux-x86_64, r-release-macos-arm64, r-release-macos-x86_64, r-release-windows-x86_64, r-oldrel-macos-arm64, r-oldrel-macos-x86_64, r-oldrel-windows-ix86+x86_64