Last updated on 2024-04-20 09:56:12 CEST.
Flavor | Version | Tinstall | Tcheck | Ttotal | Status | Flags |
---|---|---|---|---|---|---|
r-devel-linux-x86_64-debian-clang | 2.3 | 105.87 | 778.29 | 884.16 | OK | |
r-devel-linux-x86_64-debian-gcc | 2.3 | 87.31 | 533.33 | 620.64 | OK | |
r-devel-linux-x86_64-fedora-clang | 2.3 | 1055.95 | NOTE | |||
r-devel-linux-x86_64-fedora-gcc | 2.3 | 1060.65 | OK | |||
r-prerel-macos-arm64 | 2.3 | 233.00 | OK | |||
r-prerel-macos-x86_64 | 2.3 | 581.00 | OK | |||
r-prerel-windows-x86_64 | 2.3 | 89.00 | 496.00 | 585.00 | OK | |
r-patched-linux-x86_64 | 2.3 | 100.40 | 715.00 | 815.40 | OK | |
r-release-linux-x86_64 | 2.3 | 70.01 | 717.57 | 787.58 | OK | |
r-release-macos-arm64 | 2.3 | 235.00 | OK | |||
r-release-macos-x86_64 | 2.3 | 576.00 | OK | |||
r-release-windows-x86_64 | 2.3 | 112.00 | 694.00 | 806.00 | OK | |
r-oldrel-macos-arm64 | 2.3 | 219.00 | OK | |||
r-oldrel-windows-x86_64 | 2.3 | 116.00 | 659.00 | 775.00 | OK |
Version: 2.3
Check: package dependencies
Result: NOTE
Imports includes 26 non-default packages.
Importing from so many packages makes the package vulnerable to any of
them becoming unavailable. Move as many as possible to Suggests and
use conditionally.
Flavor: r-devel-linux-x86_64-fedora-clang