CRAN Package Check Results for Package RLumShiny

Last updated on 2020-08-04 09:48:38 CEST.

Flavor Version Tinstall Tcheck Ttotal Status Flags
r-devel-linux-x86_64-debian-clang 0.2.2 10.38 86.27 96.65 OK
r-devel-linux-x86_64-debian-gcc 0.2.2 8.03 63.26 71.29 OK
r-devel-linux-x86_64-fedora-clang 0.2.2 118.31 NOTE
r-devel-linux-x86_64-fedora-gcc 0.2.2 108.89 NOTE
r-devel-windows-ix86+x86_64 0.2.2 30.00 85.00 115.00 OK
r-patched-linux-x86_64 0.2.2 9.35 81.41 90.76 OK
r-patched-solaris-x86 0.2.2 158.60 NOTE
r-release-linux-x86_64 0.2.2 10.68 83.00 93.68 OK
r-release-macos-x86_64 0.2.2 NOTE
r-release-windows-ix86+x86_64 0.2.2 34.00 100.00 134.00 OK
r-oldrel-macos-x86_64 0.2.2 NOTE
r-oldrel-windows-ix86+x86_64 0.2.2 19.00 69.00 88.00 OK

Check Details

Version: 0.2.2
Check: dependencies in R code
Result: NOTE
    Namespaces in Imports field not imported from:
     ‘RCarb’ ‘rmarkdown’ ‘shinyjs’
     All declared Imports should be used.
Flavors: r-devel-linux-x86_64-fedora-clang, r-devel-linux-x86_64-fedora-gcc, r-patched-solaris-x86, r-release-macos-x86_64, r-oldrel-macos-x86_64