Last updated on 2023-02-05 09:57:28 CET.
Flavor | Version | Tinstall | Tcheck | Ttotal | Status | Flags |
---|---|---|---|---|---|---|
r-devel-linux-x86_64-debian-clang | 0.1.9 | 187.61 | 53.71 | 241.32 | NOTE | |
r-devel-linux-x86_64-debian-gcc | 0.1.9 | 127.38 | 39.05 | 166.43 | NOTE | |
r-devel-linux-x86_64-fedora-clang | 0.1.9 | 358.39 | NOTE | |||
r-devel-linux-x86_64-fedora-gcc | 0.1.9 | 306.37 | NOTE | |||
r-devel-windows-x86_64 | 0.1.9 | 148.00 | 128.00 | 276.00 | NOTE | |
r-patched-linux-x86_64 | 0.1.9 | 148.62 | 47.39 | 196.01 | OK | |
r-release-linux-x86_64 | 0.1.9 | 143.40 | 49.37 | 192.77 | OK | |
r-release-macos-arm64 | 0.1.9 | 69.00 | OK | |||
r-release-macos-x86_64 | 0.1.9 | 96.00 | OK | |||
r-release-windows-x86_64 | 0.1.9 | 164.00 | 127.00 | 291.00 | OK | |
r-oldrel-macos-arm64 | 0.1.9 | 67.00 | OK | |||
r-oldrel-macos-x86_64 | 0.1.9 | 100.00 | OK | |||
r-oldrel-windows-ix86+x86_64 | 0.1.9 | 445.00 | 132.00 | 577.00 | OK |
Version: 0.1.9
Check: C++ specification
Result: NOTE
Specified C++11: please update to current default of C++17
Flavors: r-devel-linux-x86_64-debian-clang, r-devel-linux-x86_64-debian-gcc, r-devel-linux-x86_64-fedora-clang, r-devel-linux-x86_64-fedora-gcc, r-devel-windows-x86_64