Last updated on 2024-04-19 10:57:38 CEST.
Flavor | Version | Tinstall | Tcheck | Ttotal | Status | Flags |
---|---|---|---|---|---|---|
r-devel-linux-x86_64-debian-clang | 0.2.4 | 6.92 | 49.14 | 56.06 | OK | |
r-devel-linux-x86_64-debian-gcc | 0.2.4 | OK | ||||
r-devel-linux-x86_64-fedora-clang | 0.2.4 | 68.58 | NOTE | |||
r-devel-linux-x86_64-fedora-gcc | 0.2.4 | 65.82 | OK | |||
r-prerel-macos-arm64 | 0.2.4 | 20.00 | OK | |||
r-prerel-windows-x86_64 | 0.2.4 | 7.00 | 54.00 | 61.00 | OK | |
r-patched-linux-x86_64 | 0.2.4 | 8.43 | 48.02 | 56.45 | OK | |
r-release-linux-x86_64 | 0.2.4 | 6.80 | 48.19 | 54.99 | OK | |
r-release-macos-arm64 | 0.2.4 | 21.00 | OK | |||
r-release-macos-x86_64 | 0.2.4 | 38.00 | OK | |||
r-release-windows-x86_64 | 0.2.4 | 7.00 | 58.00 | 65.00 | OK | |
r-oldrel-macos-arm64 | 0.2.4 | 20.00 | OK | |||
r-oldrel-windows-x86_64 | 0.2.4 | 10.00 | 67.00 | 77.00 | OK |
Version: 0.2.4
Check: Rd cross-references
Result: NOTE
Undeclared package ‘DBI’ in Rd xrefs
Flavor: r-devel-linux-x86_64-fedora-clang