CRAN Package Check Results for Package REPLesentR

Last updated on 2022-12-06 09:52:32 CET.

Flavor Version Tinstall Tcheck Ttotal Status Flags
r-devel-linux-x86_64-debian-clang 0.4.1 4.15 43.37 47.52 NOTE
r-devel-linux-x86_64-debian-gcc 0.4.1 2.40 31.85 34.25 NOTE
r-devel-linux-x86_64-fedora-clang 0.4.1 69.75 NOTE
r-devel-linux-x86_64-fedora-gcc 0.4.1 65.53 NOTE
r-devel-windows-x86_64 0.4.1 15.00 67.00 82.00 NOTE
r-patched-linux-x86_64 0.4.1 4.39 39.64 44.03 NOTE
r-release-linux-x86_64 0.4.1 4.24 40.29 44.53 NOTE
r-release-macos-arm64 0.4.1 21.00 NOTE
r-release-macos-x86_64 0.4.1 30.00 NOTE
r-release-windows-x86_64 0.4.1 12.00 67.00 79.00 NOTE
r-oldrel-macos-arm64 0.4.1 25.00 NOTE
r-oldrel-macos-x86_64 0.4.1 35.00 NOTE
r-oldrel-windows-ix86+x86_64 0.4.1 13.00 65.00 78.00 NOTE

Check Details

Version: 0.4.1
Check: LazyData
Result: NOTE
     'LazyData' is specified without a 'data' directory
Flavors: r-devel-linux-x86_64-debian-clang, r-devel-linux-x86_64-debian-gcc, r-devel-linux-x86_64-fedora-clang, r-devel-linux-x86_64-fedora-gcc, r-devel-windows-x86_64, r-patched-linux-x86_64, r-release-linux-x86_64, r-release-macos-arm64, r-release-macos-x86_64, r-release-windows-x86_64, r-oldrel-macos-arm64, r-oldrel-macos-x86_64, r-oldrel-windows-ix86+x86_64