Last updated on 2024-04-26 09:52:10 CEST.
Flavor | Version | Tinstall | Tcheck | Ttotal | Status | Flags |
---|---|---|---|---|---|---|
r-devel-linux-x86_64-debian-clang | 1.1 | 15.88 | 109.06 | 124.94 | NOTE | |
r-devel-linux-x86_64-debian-gcc | 1.1 | 10.90 | 80.82 | 91.72 | NOTE | |
r-devel-linux-x86_64-fedora-clang | 1.1 | 154.76 | NOTE | |||
r-devel-linux-x86_64-fedora-gcc | 1.1 | 143.09 | NOTE | |||
r-devel-windows-x86_64 | 1.1 | 12.00 | 94.00 | 106.00 | NOTE | |
r-patched-linux-x86_64 | 1.1 | 10.56 | 104.46 | 115.02 | NOTE | |
r-release-linux-x86_64 | 1.1 | 10.14 | 107.23 | 117.37 | NOTE | |
r-release-macos-arm64 | 1.1 | 38.00 | NOTE | |||
r-release-windows-x86_64 | 1.1 | 12.00 | 92.00 | 104.00 | NOTE | |
r-oldrel-macos-arm64 | 1.1 | 29.00 | NOTE | |||
r-oldrel-macos-x86_64 | 1.1 | 40.00 | NOTE | |||
r-oldrel-windows-x86_64 | 1.1 | 15.00 | 110.00 | 125.00 | NOTE |
Version: 1.1
Check: LazyData
Result: NOTE
'LazyData' is specified without a 'data' directory
Flavors: r-devel-linux-x86_64-debian-clang, r-devel-linux-x86_64-debian-gcc, r-devel-linux-x86_64-fedora-clang, r-devel-linux-x86_64-fedora-gcc, r-devel-windows-x86_64, r-patched-linux-x86_64, r-release-linux-x86_64, r-release-macos-arm64, r-release-windows-x86_64, r-oldrel-macos-arm64, r-oldrel-macos-x86_64, r-oldrel-windows-x86_64