Last updated on 2024-04-24 10:23:05 CEST.
Flavor | Version | Tinstall | Tcheck | Ttotal | Status | Flags |
---|---|---|---|---|---|---|
r-devel-linux-x86_64-debian-clang | 1.3-1 | 5.15 | 65.64 | 70.79 | NOTE | |
r-devel-linux-x86_64-debian-gcc | 1.3-1 | 3.89 | 48.07 | 51.96 | NOTE | |
r-devel-linux-x86_64-fedora-clang | 1.3-1 | 88.28 | NOTE | |||
r-devel-linux-x86_64-fedora-gcc | 1.3-1 | 83.24 | NOTE | |||
r-devel-windows-x86_64 | 1.3-1 | 6.00 | 80.00 | 86.00 | NOTE | |
r-patched-linux-x86_64 | 1.3-1 | 5.81 | 61.87 | 67.68 | NOTE | |
r-release-linux-x86_64 | 1.3-1 | 5.86 | 61.75 | 67.61 | OK | |
r-release-macos-arm64 | 1.3-1 | 29.00 | OK | |||
r-release-windows-x86_64 | 1.3-1 | 6.00 | 86.00 | 92.00 | OK | |
r-oldrel-macos-arm64 | 1.3-1 | 121.00 | OK | |||
r-oldrel-macos-x86_64 | 1.3-1 | 70.00 | OK | |||
r-oldrel-windows-x86_64 | 1.3-1 | 7.00 | 77.00 | 84.00 | OK |
Version: 1.3-1
Check: Rd files
Result: NOTE
checkRd: (-1) est.R0.ML.Rd:98: Lost braces
98 | Supplementary Material S1 from \doi{10.1186/1472-6947-12-147}{Obadia et al., 2012}.
| ^
checkRd: (-1) plot.R0.R.Rd:20: Lost braces
20 | Called for side effect. Draws all \eqn{R_{0}} or /eqn{R(t)} values from one estimation method.
| ^
checkRd: (-1) plot.R0.sR.Rd:20: Lost braces
20 | Called for side effect. Draws all \eqn{R_{0}} or /eqn{R(t)} values from an
| ^
Flavors: r-devel-linux-x86_64-debian-clang, r-devel-linux-x86_64-debian-gcc, r-devel-linux-x86_64-fedora-clang, r-devel-linux-x86_64-fedora-gcc, r-devel-windows-x86_64, r-patched-linux-x86_64
Version: 1.3-1
Check: Rd cross-references
Result: NOTE
Undeclared package ‘epitools’ in Rd xrefs
Flavor: r-devel-linux-x86_64-fedora-clang