Last updated on 2024-04-19 10:57:37 CEST.
Flavor | Version | Tinstall | Tcheck | Ttotal | Status | Flags |
---|---|---|---|---|---|---|
r-devel-linux-x86_64-debian-clang | 0.0.1 | 6.34 | 58.47 | 64.81 | NOTE | |
r-devel-linux-x86_64-debian-gcc | 0.0.1 | NOTE | ||||
r-devel-linux-x86_64-fedora-clang | 0.0.1 | 83.53 | NOTE | |||
r-devel-linux-x86_64-fedora-gcc | 0.0.1 | 77.13 | NOTE | |||
r-prerel-macos-arm64 | 0.0.1 | 27.00 | NOTE | |||
r-prerel-windows-x86_64 | 0.0.1 | 9.00 | 72.00 | 81.00 | NOTE | |
r-patched-linux-x86_64 | 0.0.1 | 7.98 | 55.14 | 63.12 | NOTE | |
r-release-linux-x86_64 | 0.0.1 | 6.26 | 56.39 | 62.65 | NOTE | |
r-release-macos-arm64 | 0.0.1 | 30.00 | NOTE | |||
r-release-macos-x86_64 | 0.0.1 | 42.00 | NOTE | |||
r-release-windows-x86_64 | 0.0.1 | 10.00 | 83.00 | 93.00 | NOTE | |
r-oldrel-macos-arm64 | 0.0.1 | 29.00 | NOTE | |||
r-oldrel-windows-x86_64 | 0.0.1 | 9.00 | 77.00 | 86.00 | NOTE |
Version: 0.0.1
Check: LazyData
Result: NOTE
'LazyData' is specified without a 'data' directory
Flavors: r-devel-linux-x86_64-debian-clang, r-devel-linux-x86_64-debian-gcc, r-devel-linux-x86_64-fedora-clang, r-devel-linux-x86_64-fedora-gcc, r-prerel-macos-arm64, r-prerel-windows-x86_64, r-patched-linux-x86_64, r-release-linux-x86_64, r-release-macos-arm64, r-release-macos-x86_64, r-release-windows-x86_64, r-oldrel-macos-arm64, r-oldrel-windows-x86_64