Last updated on 2024-05-11 09:51:29 CEST.
Flavor | Version | Tinstall | Tcheck | Ttotal | Status | Flags |
---|---|---|---|---|---|---|
r-devel-linux-x86_64-debian-clang | 0.2.0 | 52.44 | 72.58 | 125.02 | OK | |
r-devel-linux-x86_64-debian-gcc | 0.2.0 | 50.26 | 56.23 | 106.49 | OK | |
r-devel-linux-x86_64-fedora-clang | 0.2.0 | 169.84 | NOTE | |||
r-devel-linux-x86_64-fedora-gcc | 0.2.0 | 186.02 | OK | |||
r-devel-windows-x86_64 | 0.2.0 | 51.00 | 76.00 | 127.00 | NOTE | |
r-patched-linux-x86_64 | 0.2.0 | 47.71 | 70.25 | 117.96 | OK | |
r-release-linux-x86_64 | 0.2.0 | 41.34 | 69.04 | 110.38 | OK | |
r-release-macos-arm64 | 0.2.0 | 88.00 | NOTE | |||
r-release-macos-x86_64 | 0.2.0 | 150.00 | NOTE | |||
r-release-windows-x86_64 | 0.2.0 | 52.00 | 75.00 | 127.00 | NOTE | |
r-oldrel-macos-arm64 | 0.2.0 | 99.00 | NOTE | |||
r-oldrel-macos-x86_64 | 0.2.0 | 159.00 | NOTE | |||
r-oldrel-windows-x86_64 | 0.2.0 | 71.00 | 88.00 | 159.00 | NOTE |
Version: 0.2.0
Check: installed package size
Result: NOTE
installed size is 5.2Mb
sub-directories of 1Mb or more:
data 5.0Mb
Flavors: r-devel-linux-x86_64-fedora-clang, r-devel-windows-x86_64, r-release-macos-arm64, r-release-macos-x86_64, r-release-windows-x86_64, r-oldrel-macos-arm64, r-oldrel-macos-x86_64, r-oldrel-windows-x86_64