CRAN Package Check Results for Package ProcMod

Last updated on 2020-08-13 09:49:07 CEST.

Flavor Version Tinstall Tcheck Ttotal Status Flags
r-devel-linux-x86_64-debian-clang 1.0.3 3.71 79.45 83.16 OK
r-devel-linux-x86_64-debian-gcc 1.0.3 3.26 59.70 62.96 OK
r-devel-linux-x86_64-fedora-clang 1.0.3 105.10 NOTE
r-devel-linux-x86_64-fedora-gcc 1.0.3 94.96 NOTE
r-devel-windows-ix86+x86_64 1.0.3 15.00 112.00 127.00 OK
r-patched-linux-x86_64 1.0.3 3.94 79.07 83.01 OK
r-patched-solaris-x86 1.0.3 127.50 NOTE
r-release-linux-x86_64 1.0.3 4.12 80.05 84.17 OK
r-release-macos-x86_64 1.0.3 NOTE
r-release-windows-ix86+x86_64 1.0.3 13.00 122.00 135.00 OK
r-oldrel-macos-x86_64 1.0.3 NOTE
r-oldrel-windows-ix86+x86_64 1.0.3 8.00 84.00 92.00 OK

Check Details

Version: 1.0.3
Check: dependencies in R code
Result: NOTE
    Namespaces in Imports field not imported from:
     ‘expm’ ‘mvtnorm’
     All declared Imports should be used.
Flavors: r-devel-linux-x86_64-fedora-clang, r-devel-linux-x86_64-fedora-gcc, r-patched-solaris-x86, r-release-macos-x86_64, r-oldrel-macos-x86_64