Last updated on 2024-04-23 10:54:12 CEST.
Flavor | Version | Tinstall | Tcheck | Ttotal | Status | Flags |
---|---|---|---|---|---|---|
r-devel-linux-x86_64-debian-clang | 1.2-4 | 11.11 | 95.05 | 106.16 | OK | |
r-devel-linux-x86_64-debian-gcc | 1.2-4 | 8.35 | 69.25 | 77.60 | OK | |
r-devel-linux-x86_64-fedora-clang | 1.2-4 | 131.38 | NOTE | |||
r-devel-linux-x86_64-fedora-gcc | 1.2-4 | 124.47 | NOTE | |||
r-prerel-macos-arm64 | 1.2-4 | 51.00 | OK | |||
r-prerel-windows-x86_64 | 1.2-4 | 9.00 | 85.00 | 94.00 | OK | |
r-patched-linux-x86_64 | 1.2-4 | 6.01 | 87.48 | 93.49 | OK | |
r-release-linux-x86_64 | 1.2-4 | 5.81 | 85.54 | 91.35 | OK | |
r-release-macos-arm64 | 1.2-4 | 44.00 | OK | |||
r-release-macos-x86_64 | 1.2-4 | 68.00 | OK | |||
r-release-windows-x86_64 | 1.2-4 | 12.00 | 96.00 | 108.00 | OK | |
r-oldrel-macos-arm64 | 1.2-4 | 63.00 | NOTE | |||
r-oldrel-windows-x86_64 | 1.2-4 | 12.00 | 100.00 | 112.00 | OK |
Version: 1.2-4
Check: dependencies in R code
Result: NOTE
Namespace in Imports field not imported from: ‘lazyeval’
All declared Imports should be used.
Flavors: r-devel-linux-x86_64-fedora-clang, r-devel-linux-x86_64-fedora-gcc, r-oldrel-macos-arm64