CRAN Package Check Results for Package PosteriorBootstrap

Last updated on 2020-08-06 09:49:08 CEST.

Flavor Version Tinstall Tcheck Ttotal Status Flags
r-devel-linux-x86_64-debian-clang 0.1.0 4.85 462.33 467.18 OK
r-devel-linux-x86_64-debian-gcc 0.1.0 4.14 339.38 343.52 OK
r-devel-linux-x86_64-fedora-clang 0.1.0 553.90 NOTE
r-devel-linux-x86_64-fedora-gcc 0.1.0 582.98 NOTE
r-devel-windows-ix86+x86_64 0.1.0 17.00 63.00 80.00 OK
r-patched-linux-x86_64 0.1.0 4.87 448.51 453.38 OK
r-patched-solaris-x86 0.1.0 1042.30 NOTE
r-release-linux-x86_64 0.1.0 4.23 447.18 451.41 OK
r-release-macos-x86_64 0.1.0 NOTE
r-release-windows-ix86+x86_64 0.1.0 17.00 43.00 60.00 OK
r-oldrel-macos-x86_64 0.1.0 NOTE
r-oldrel-windows-ix86+x86_64 0.1.0 7.00 38.00 45.00 OK

Check Details

Version: 0.1.0
Check: dependencies in R code
Result: NOTE
    Namespaces in Imports field not imported from:
     ‘Rcpp’ ‘StanHeaders’ ‘dplyr’ ‘ggplot2’ ‘gridExtra’ ‘rstan’ ‘tibble’
     All declared Imports should be used.
Flavors: r-devel-linux-x86_64-fedora-clang, r-devel-linux-x86_64-fedora-gcc, r-patched-solaris-x86, r-release-macos-x86_64, r-oldrel-macos-x86_64