CRAN Package Check Results for Package Plasmode

Last updated on 2020-08-04 09:48:36 CEST.

Flavor Version Tinstall Tcheck Ttotal Status Flags
r-devel-linux-x86_64-debian-clang 0.1.0 8.28 67.20 75.48 OK
r-devel-linux-x86_64-debian-gcc 0.1.0 7.06 51.96 59.02 OK
r-devel-linux-x86_64-fedora-clang 0.1.0 99.62 NOTE
r-devel-linux-x86_64-fedora-gcc 0.1.0 89.56 NOTE
r-devel-windows-ix86+x86_64 0.1.0 25.00 78.00 103.00 OK
r-patched-linux-x86_64 0.1.0 6.31 65.90 72.21 OK
r-patched-solaris-x86 0.1.0 137.10 NOTE
r-release-linux-x86_64 0.1.0 8.75 65.20 73.95 OK
r-release-macos-x86_64 0.1.0 NOTE
r-release-windows-ix86+x86_64 0.1.0 20.00 109.00 129.00 OK
r-oldrel-macos-x86_64 0.1.0 NOTE
r-oldrel-windows-ix86+x86_64 0.1.0 13.00 92.00 105.00 OK

Check Details

Version: 0.1.0
Check: dependencies in R code
Result: NOTE
    Namespaces in Imports field not imported from:
     ‘MASS’ ‘Matrix’ ‘RColorBrewer’ ‘arm’ ‘epiDisplay’ ‘foreign’ ‘gbm’
     ‘grid’ ‘lattice’ ‘latticeExtra’ ‘lme4’ ‘nnet’ ‘parallel’ ‘splines’
     ‘survey’ ‘twang’ ‘xtable’
     All declared Imports should be used.
Flavors: r-devel-linux-x86_64-fedora-clang, r-devel-linux-x86_64-fedora-gcc, r-patched-solaris-x86, r-release-macos-x86_64, r-oldrel-macos-x86_64