CRAN Package Check Results for Package PlackettLuce

Last updated on 2022-01-21 10:54:05 CET.

Flavor Version Tinstall Tcheck Ttotal Status Flags
r-devel-linux-x86_64-debian-clang 0.4.1 16.62 408.75 425.37 OK
r-devel-linux-x86_64-debian-gcc 0.4.1 15.23 287.15 302.38 OK
r-devel-linux-x86_64-fedora-clang 0.4.1 507.42 OK
r-devel-linux-x86_64-fedora-gcc 0.4.1 485.96 OK
r-devel-windows-x86_64-new-UL 0.4.1 156.00 421.00 577.00 OK
r-devel-windows-x86_64-new-TK 0.4.1 OK
r-patched-linux-x86_64 0.4.1 24.57 398.59 423.16 OK
r-release-linux-x86_64 0.4.1 18.28 399.16 417.44 OK
r-release-macos-arm64 0.4.1 NOTE
r-release-macos-x86_64 0.4.1 OK
r-release-windows-ix86+x86_64 0.4.1 42.00 464.00 506.00 OK
r-oldrel-macos-x86_64 0.4.1 OK
r-oldrel-windows-ix86+x86_64 0.4.1 42.00 467.00 509.00 OK

Check Details

Version: 0.4.1
Check: package dependencies
Result: NOTE
    Package suggested but not available for checking: ‘BiocStyle’
Flavor: r-release-macos-arm64