CRAN Package Check Results for Package PetfindeR

Last updated on 2020-08-13 09:49:06 CEST.

Flavor Version Tinstall Tcheck Ttotal Status Flags
r-devel-linux-x86_64-debian-clang 2.1.0 2.50 22.60 25.10 OK
r-devel-linux-x86_64-debian-gcc 2.1.0 2.11 17.93 20.04 OK
r-devel-linux-x86_64-fedora-clang 2.1.0 39.24 NOTE
r-devel-linux-x86_64-fedora-gcc 2.1.0 30.58 NOTE
r-devel-windows-ix86+x86_64 2.1.0 12.00 47.00 59.00 OK
r-patched-linux-x86_64 2.1.0 2.83 22.48 25.31 OK
r-patched-solaris-x86 2.1.0 46.10 NOTE
r-release-linux-x86_64 2.1.0 2.67 22.59 25.26 OK
r-release-macos-x86_64 2.1.0 NOTE
r-release-windows-ix86+x86_64 2.1.0 8.00 52.00 60.00 OK
r-oldrel-macos-x86_64 2.1.0 NOTE
r-oldrel-windows-ix86+x86_64 2.1.0 6.00 37.00 43.00 OK

Check Details

Version: 2.1.0
Check: dependencies in R code
Result: NOTE
    Namespace in Imports field not imported from: ‘R6’
     All declared Imports should be used.
Flavors: r-devel-linux-x86_64-fedora-clang, r-devel-linux-x86_64-fedora-gcc, r-patched-solaris-x86, r-release-macos-x86_64, r-oldrel-macos-x86_64