CRAN Package Check Results for Package PWD

Last updated on 2019-12-11 09:51:28 CET.

Flavor Version Tinstall Tcheck Ttotal Status Flags
r-devel-linux-x86_64-debian-clang 1.0 27.30 24.24 51.54 OK
r-devel-linux-x86_64-debian-gcc 1.0 20.96 19.24 40.20 OK
r-devel-linux-x86_64-fedora-clang 1.0 73.52 NOTE
r-devel-linux-x86_64-fedora-gcc 1.0 74.22 NOTE
r-devel-windows-ix86+x86_64 1.0 66.00 48.00 114.00 OK
r-devel-windows-ix86+x86_64-gcc8 1.0 57.00 54.00 111.00 OK
r-patched-linux-x86_64 1.0 23.36 22.53 45.89 OK
r-patched-solaris-x86 1.0 79.80 OK
r-release-linux-x86_64 1.0 22.70 22.74 45.44 OK
r-release-windows-ix86+x86_64 1.0 66.00 50.00 116.00 OK
r-release-osx-x86_64 1.0 OK
r-oldrel-windows-ix86+x86_64 1.0 44.00 56.00 100.00 OK
r-oldrel-osx-x86_64 1.0 OK

Check Details

Version: 1.0
Check: compiled code
Result: NOTE
    File ‘PWD/libs/PWD.so’:
     Found no calls to: ‘R_registerRoutines’, ‘R_useDynamicSymbols’
    
    It is good practice to register native routines and to disable symbol
    search.
    
    See ‘Writing portable packages’ in the ‘Writing R Extensions’ manual.
Flavors: r-devel-linux-x86_64-fedora-clang, r-devel-linux-x86_64-fedora-gcc