CRAN Package Check Results for Package PWD

Last updated on 2020-09-19 10:48:13 CEST.

Flavor Version Tinstall Tcheck Ttotal Status Flags
r-devel-linux-x86_64-debian-clang 1.0 34.89 25.63 60.52 OK
r-devel-linux-x86_64-debian-gcc 1.0 23.74 20.03 43.77 OK
r-devel-linux-x86_64-fedora-clang 1.0 87.97 NOTE
r-devel-linux-x86_64-fedora-gcc 1.0 73.52 NOTE
r-devel-windows-ix86+x86_64 1.0 76.00 53.00 129.00 OK
r-patched-linux-x86_64 1.0 26.42 25.04 51.46 OK
r-patched-solaris-x86 1.0 83.60 OK
r-release-linux-x86_64 1.0 25.05 25.05 50.10 OK
r-release-macos-x86_64 1.0 OK
r-release-windows-ix86+x86_64 1.0 79.00 52.00 131.00 OK
r-oldrel-macos-x86_64 1.0 OK
r-oldrel-windows-ix86+x86_64 1.0 52.00 64.00 116.00 OK

Check Details

Version: 1.0
Check: compiled code
Result: NOTE
    File ‘PWD/libs/PWD.so’:
     Found no calls to: ‘R_registerRoutines’, ‘R_useDynamicSymbols’
    
    It is good practice to register native routines and to disable symbol
    search.
    
    See ‘Writing portable packages’ in the ‘Writing R Extensions’ manual.
Flavors: r-devel-linux-x86_64-fedora-clang, r-devel-linux-x86_64-fedora-gcc