Last updated on 2024-03-28 10:49:44 CET.
Flavor | Version | Tinstall | Tcheck | Ttotal | Status | Flags |
---|---|---|---|---|---|---|
r-devel-linux-x86_64-debian-clang | 1.1.8 | 14.94 | 129.24 | 144.18 | NOTE | |
r-devel-linux-x86_64-debian-gcc | 1.1.8 | 12.21 | 95.01 | 107.22 | NOTE | |
r-devel-linux-x86_64-fedora-clang | 1.1.8 | 181.41 | NOTE | |||
r-devel-linux-x86_64-fedora-gcc | 1.1.8 | 187.45 | NOTE | |||
r-devel-windows-x86_64 | 1.1.8 | 14.00 | 115.00 | 129.00 | NOTE | |
r-patched-linux-x86_64 | 1.1.8 | 16.08 | 122.55 | 138.63 | NOTE | |
r-release-linux-x86_64 | 1.1.8 | 11.08 | 127.56 | 138.64 | OK | |
r-release-macos-arm64 | 1.1.8 | 59.00 | OK | |||
r-release-macos-x86_64 | 1.1.8 | 96.00 | OK | |||
r-release-windows-x86_64 | 1.1.8 | 19.00 | 136.00 | 155.00 | OK | |
r-oldrel-macos-arm64 | 1.1.8 | 57.00 | OK | |||
r-oldrel-windows-x86_64 | 1.1.8 | 20.00 | 138.00 | 158.00 | OK |
Version: 1.1.8
Check: Rd files
Result: NOTE
checkRd: (-1) SumStat.Rd:107: Lost braces
107 | Current version of \code{PSweight} allows for five types of propensity score weights used to estimate ATE (\code{"IPW"}), ATT {(\code{"treated"})}, and
| ^
checkRd: (-1) SumStat.Rd:108: Lost braces
108 | ATO{(\code{"overlap"})}, ATM {\code{"matching"}} and ATEN \code{"entropy"}. These weights are members of a larger class of balancing weights defined in Li, Morgan, and Zaslavsky (2018).
| ^
checkRd: (-1) SumStat_cl.Rd:72: Lost braces
72 | Current version of \code{PSweight} allows for five types of propensity score weights used to estimate ATE (\code{"IPW"}), ATT {(\code{"treated"})}, and
| ^
checkRd: (-1) SumStat_cl.Rd:73: Lost braces
73 | ATO{(\code{"overlap"})}, ATM {\code{"matching"}} and ATEN \code{"entropy"}. These weights are members of a larger class of balancing weights defined in Li, Morgan, and Zaslavsky (2018).
| ^
Flavors: r-devel-linux-x86_64-debian-clang, r-devel-linux-x86_64-debian-gcc, r-devel-linux-x86_64-fedora-clang, r-devel-linux-x86_64-fedora-gcc, r-devel-windows-x86_64, r-patched-linux-x86_64