CRAN Package Check Results for Package PSS.Health

Last updated on 2022-09-29 09:55:39 CEST.

Flavor Version Tinstall Tcheck Ttotal Status Flags
r-devel-linux-x86_64-debian-clang 0.5.1 21.88 155.15 177.03 OK
r-devel-linux-x86_64-debian-gcc 0.5.1 16.65 117.22 133.87 OK
r-devel-linux-x86_64-fedora-clang 0.5.1 231.41 NOTE
r-devel-linux-x86_64-fedora-gcc 0.5.1 221.48 OK
r-devel-windows-x86_64 0.5.1 36.00 174.00 210.00 OK
r-patched-linux-x86_64 0.5.1 19.26 146.12 165.38 OK
r-release-linux-x86_64 0.5.1 16.15 143.37 159.52 OK
r-release-macos-arm64 0.5.1 60.00 OK
r-release-macos-x86_64 0.5.1 7.00 ERROR
r-release-windows-x86_64 0.5.1 35.00 173.00 208.00 OK
r-oldrel-macos-arm64 0.5.1 56.00 OK
r-oldrel-macos-x86_64 0.5.1 80.00 OK
r-oldrel-windows-ix86+x86_64 0.5.1 44.00 175.00 219.00 OK

Check Details

Version: 0.5.1
Check: package dependencies
Result: NOTE
    Imports includes 21 non-default packages.
    Importing from so many packages makes the package vulnerable to any of
    them becoming unavailable. Move as many as possible to Suggests and
    use conditionally.
Flavor: r-devel-linux-x86_64-fedora-clang

Version: 0.5.1
Check: package dependencies
Result: ERROR
    Packages required but not available: 'kappaSize', 'presize'
    
    See section ‘The DESCRIPTION file’ in the ‘Writing R Extensions’
    manual.
Flavor: r-release-macos-x86_64