Last updated on 2023-02-03 09:55:42 CET.
Flavor | Version | Tinstall | Tcheck | Ttotal | Status | Flags |
---|---|---|---|---|---|---|
r-devel-linux-x86_64-debian-clang | 1.0-1 | 18.37 | 140.45 | 158.82 | NOTE | |
r-devel-linux-x86_64-debian-gcc | 1.0-1 | 14.64 | 103.50 | 118.14 | NOTE | |
r-devel-linux-x86_64-fedora-clang | 1.0-1 | 200.67 | NOTE | |||
r-devel-linux-x86_64-fedora-gcc | 1.0-1 | 193.35 | NOTE | |||
r-patched-linux-x86_64 | 1.0-1 | 22.38 | 132.53 | 154.91 | OK | |
r-release-linux-x86_64 | 1.0-1 | 12.24 | 134.21 | 146.45 | OK | |
r-release-macos-arm64 | 1.0-1 | 58.00 | OK | |||
r-release-macos-x86_64 | 1.0-1 | 88.00 | OK | |||
r-release-windows-x86_64 | 1.0-1 | 39.00 | 173.00 | 212.00 | OK | |
r-oldrel-macos-arm64 | 1.0-1 | 59.00 | OK | |||
r-oldrel-macos-x86_64 | 1.0-1 | 67.00 | OK | |||
r-oldrel-windows-ix86+x86_64 | 1.0-1 | 40.00 | 155.00 | 195.00 | OK |
Version: 1.0-1
Check: package subdirectories
Result: NOTE
Problems with news in ‘NEWS.md’:
No news entries found.
Flavors: r-devel-linux-x86_64-debian-clang, r-devel-linux-x86_64-debian-gcc, r-devel-linux-x86_64-fedora-clang, r-devel-linux-x86_64-fedora-gcc