Last updated on 2024-03-28 10:49:44 CET.
Flavor | Version | Tinstall | Tcheck | Ttotal | Status | Flags |
---|---|---|---|---|---|---|
r-devel-linux-x86_64-debian-clang | 0.1.0 | 37.97 | 68.82 | 106.79 | NOTE | |
r-devel-linux-x86_64-debian-gcc | 0.1.0 | 29.31 | 51.57 | 80.88 | NOTE | |
r-devel-linux-x86_64-fedora-clang | 0.1.0 | 140.27 | NOTE | |||
r-devel-linux-x86_64-fedora-gcc | 0.1.0 | 135.45 | NOTE | |||
r-devel-windows-x86_64 | 0.1.0 | 29.00 | 81.00 | 110.00 | NOTE | |
r-patched-linux-x86_64 | 0.1.0 | 33.12 | 65.57 | 98.69 | NOTE | |
r-release-linux-x86_64 | 0.1.0 | 34.66 | 66.25 | 100.91 | NOTE | |
r-release-macos-arm64 | 0.1.0 | 42.00 | NOTE | |||
r-release-macos-x86_64 | 0.1.0 | 68.00 | NOTE | |||
r-release-windows-x86_64 | 0.1.0 | 37.00 | 102.00 | 139.00 | NOTE | |
r-oldrel-macos-arm64 | 0.1.0 | 37.00 | OK | |||
r-oldrel-windows-x86_64 | 0.1.0 | 36.00 | 97.00 | 133.00 | OK |
Version: 0.1.0
Check: C++ specification
Result: NOTE
Specified C++11: please drop specification unless essential
Flavors: r-devel-linux-x86_64-debian-clang, r-devel-linux-x86_64-debian-gcc, r-devel-linux-x86_64-fedora-clang, r-devel-linux-x86_64-fedora-gcc, r-devel-windows-x86_64, r-patched-linux-x86_64, r-release-linux-x86_64, r-release-macos-arm64, r-release-macos-x86_64, r-release-windows-x86_64