Last updated on 2024-03-28 10:49:44 CET.
Flavor | Version | Tinstall | Tcheck | Ttotal | Status | Flags |
---|---|---|---|---|---|---|
r-devel-linux-x86_64-debian-clang | 1.0 | 51.48 | 27.43 | 78.91 | NOTE | |
r-devel-linux-x86_64-debian-gcc | 1.0 | 47.49 | 21.90 | 69.39 | NOTE | |
r-devel-linux-x86_64-fedora-clang | 1.0 | 125.01 | NOTE | |||
r-devel-linux-x86_64-fedora-gcc | 1.0 | 126.90 | NOTE | |||
r-devel-windows-x86_64 | 1.0 | 45.00 | 65.00 | 110.00 | NOTE | |
r-patched-linux-x86_64 | 1.0 | 52.62 | 27.31 | 79.93 | NOTE | |
r-release-linux-x86_64 | 1.0 | 57.80 | 26.54 | 84.34 | NOTE | |
r-release-macos-arm64 | 1.0 | 33.00 | NOTE | |||
r-release-macos-x86_64 | 1.0 | 56.00 | NOTE | |||
r-release-windows-x86_64 | 1.0 | 57.00 | 73.00 | 130.00 | NOTE | |
r-oldrel-macos-arm64 | 1.0 | 33.00 | OK | |||
r-oldrel-windows-x86_64 | 1.0 | 55.00 | 70.00 | 125.00 | OK |
Version: 1.0
Check: C++ specification
Result: NOTE
Specified C++11: please drop specification unless essential
Flavors: r-devel-linux-x86_64-debian-clang, r-devel-linux-x86_64-debian-gcc, r-devel-linux-x86_64-fedora-clang, r-devel-linux-x86_64-fedora-gcc, r-devel-windows-x86_64, r-patched-linux-x86_64, r-release-linux-x86_64, r-release-macos-arm64, r-release-macos-x86_64, r-release-windows-x86_64