CRAN Package Check Results for Package PCRedux

Last updated on 2020-08-03 10:05:03 CEST.

Flavor Version Tinstall Tcheck Ttotal Status Flags
r-devel-linux-x86_64-debian-clang 1.0-6 13.41 163.92 177.33 NOTE
r-devel-linux-x86_64-debian-gcc 1.0-6 12.56 120.59 133.15 NOTE
r-devel-linux-x86_64-fedora-clang 1.0-6 223.14 NOTE
r-devel-linux-x86_64-fedora-gcc 1.0-6 207.93 NOTE
r-devel-windows-ix86+x86_64 1.0-6 44.00 186.00 230.00 OK
r-patched-linux-x86_64 1.0-6 15.74 156.65 172.39 NOTE
r-patched-solaris-x86 1.0-6 289.10 NOTE
r-release-linux-x86_64 1.0-6 14.55 156.63 171.18 NOTE
r-release-macos-x86_64 1.0-6 OK
r-release-windows-ix86+x86_64 1.0-6 52.00 202.00 254.00 OK
r-oldrel-macos-x86_64 1.0-6 WARN
r-oldrel-windows-ix86+x86_64 1.0-6 28.00 145.00 173.00 OK

Check Details

Version: 1.0-6
Check: package dependencies
Result: NOTE
    Package suggested but not available for checking: 'FFTrees'
Flavors: r-devel-linux-x86_64-debian-clang, r-devel-linux-x86_64-debian-gcc, r-devel-linux-x86_64-fedora-clang, r-devel-linux-x86_64-fedora-gcc, r-patched-linux-x86_64, r-patched-solaris-x86, r-release-linux-x86_64

Version: 1.0-6
Check: whether package can be installed
Result: WARN
    Found the following significant warnings:
     Warning: 'rgl.init' failed, running with 'rgl.useNULL = TRUE'.
Flavor: r-oldrel-macos-x86_64