Last updated on 2023-01-28 10:51:36 CET.
Flavor | Version | Tinstall | Tcheck | Ttotal | Status | Flags |
---|---|---|---|---|---|---|
r-devel-linux-x86_64-debian-clang | 0.1.9 | 146.80 | 429.30 | 576.10 | OK | |
r-devel-linux-x86_64-debian-gcc | 0.1.9 | 145.05 | 301.18 | 446.23 | NOTE | |
r-devel-linux-x86_64-fedora-clang | 0.1.9 | 742.88 | NOTE | |||
r-devel-linux-x86_64-fedora-gcc | 0.1.9 | 753.37 | NOTE | |||
r-devel-windows-x86_64 | 0.1.9 | 128.00 | 467.00 | 595.00 | OK | |
r-patched-linux-x86_64 | 0.1.9 | 163.93 | 399.84 | 563.77 | OK | |
r-release-linux-x86_64 | 0.1.9 | 150.05 | 400.19 | 550.24 | OK | |
r-release-macos-arm64 | 0.1.9 | 163.00 | NOTE | |||
r-release-macos-x86_64 | 0.1.9 | 302.00 | NOTE | |||
r-release-windows-x86_64 | 0.1.9 | 131.00 | 477.00 | 608.00 | OK | |
r-oldrel-macos-arm64 | 0.1.9 | 178.00 | NOTE | |||
r-oldrel-macos-x86_64 | 0.1.9 | 285.00 | NOTE | |||
r-oldrel-windows-ix86+x86_64 | 0.1.9 | 348.00 | 696.00 | 1044.00 | NOTE |
Version: 0.1.9
Check: C++ specification
Result: NOTE
Specified C++11: please update to current default of C++17
Flavors: r-devel-linux-x86_64-debian-gcc, r-devel-linux-x86_64-fedora-gcc
Version: 0.1.9
Check: installed package size
Result: NOTE
installed size is 5.1Mb
sub-directories of 1Mb or more:
libs 3.9Mb
Flavors: r-devel-linux-x86_64-fedora-clang, r-release-macos-arm64, r-release-macos-x86_64, r-oldrel-macos-arm64, r-oldrel-macos-x86_64, r-oldrel-windows-ix86+x86_64