CRAN Package Check Results for Package PAMhm

Last updated on 2022-12-02 10:51:33 CET.

Flavor Version Tinstall Tcheck Ttotal Status Flags
r-devel-linux-x86_64-debian-clang 0.1.2 8.11 93.17 101.28 OK
r-devel-linux-x86_64-debian-gcc 0.1.2 6.13 69.34 75.47 OK
r-devel-linux-x86_64-fedora-clang 0.1.2 134.25 OK
r-devel-linux-x86_64-fedora-gcc 0.1.2 128.89 OK
r-devel-windows-x86_64 0.1.2 17.00 117.00 134.00 OK
r-patched-linux-x86_64 0.1.2 7.42 85.33 92.75 OK
r-release-linux-x86_64 0.1.2 5.92 90.29 96.21 OK
r-release-macos-arm64 0.1.2 33.00 OK
r-release-macos-x86_64 0.1.2 7.00 ERROR
r-release-windows-x86_64 0.1.2 18.00 122.00 140.00 OK
r-oldrel-macos-arm64 0.1.2 9.00 ERROR
r-oldrel-macos-x86_64 0.1.2 10.00 ERROR
r-oldrel-windows-ix86+x86_64 0.1.2 23.00 122.00 145.00 OK

Check Details

Version: 0.1.2
Check: package dependencies
Result: ERROR
    Package required but not available: ‘heatmapFlex’
    
    See section ‘The DESCRIPTION file’ in the ‘Writing R Extensions’
    manual.
Flavors: r-release-macos-x86_64, r-oldrel-macos-arm64, r-oldrel-macos-x86_64