Last updated on 2024-03-28 10:49:42 CET.
Flavor | Version | Tinstall | Tcheck | Ttotal | Status | Flags |
---|---|---|---|---|---|---|
r-devel-linux-x86_64-debian-clang | 1.0.1 | 8.25 | 66.38 | 74.63 | NOTE | |
r-devel-linux-x86_64-debian-gcc | 1.0.1 | 9.80 | 50.25 | 60.05 | NOTE | |
r-devel-linux-x86_64-fedora-clang | 1.0.1 | 95.86 | NOTE | |||
r-devel-linux-x86_64-fedora-gcc | 1.0.1 | 91.46 | NOTE | |||
r-devel-windows-x86_64 | 1.0.1 | 10.00 | 68.00 | 78.00 | NOTE | |
r-patched-linux-x86_64 | 1.0.1 | 12.88 | 65.04 | 77.92 | NOTE | |
r-release-linux-x86_64 | 1.0.1 | 6.60 | 67.33 | 73.93 | NOTE | |
r-release-macos-arm64 | 1.0.1 | 34.00 | NOTE | |||
r-release-macos-x86_64 | 1.0.1 | 46.00 | NOTE | |||
r-release-windows-x86_64 | 1.0.1 | 13.00 | 78.00 | 91.00 | NOTE | |
r-oldrel-macos-arm64 | 1.0.1 | 29.00 | NOTE | |||
r-oldrel-windows-x86_64 | 1.0.1 | 13.00 | 84.00 | 97.00 | NOTE |
Version: 1.0.1
Check: package dependencies
Result: NOTE
Package which this enhances but not available for checking: ‘gurobi’
Flavors: r-devel-linux-x86_64-debian-clang, r-devel-linux-x86_64-debian-gcc, r-devel-linux-x86_64-fedora-clang, r-devel-linux-x86_64-fedora-gcc, r-devel-windows-x86_64, r-patched-linux-x86_64, r-release-linux-x86_64, r-release-macos-arm64, r-release-macos-x86_64, r-release-windows-x86_64, r-oldrel-macos-arm64, r-oldrel-windows-x86_64
Version: 1.0.1
Check: LazyData
Result: NOTE
'LazyData' is specified without a 'data' directory
Flavors: r-devel-linux-x86_64-debian-clang, r-devel-linux-x86_64-debian-gcc, r-devel-linux-x86_64-fedora-clang, r-devel-linux-x86_64-fedora-gcc, r-devel-windows-x86_64, r-patched-linux-x86_64, r-release-linux-x86_64, r-release-macos-arm64, r-release-macos-x86_64, r-release-windows-x86_64, r-oldrel-macos-arm64, r-oldrel-windows-x86_64