CRAN Package Check Results for Package OptimaRegion

Last updated on 2020-08-10 10:03:09 CEST.

Flavor Version Tinstall Tcheck Ttotal Status Flags
r-devel-linux-x86_64-debian-clang 1.1 4.08 38.63 42.71 OK
r-devel-linux-x86_64-debian-gcc 1.1 3.05 29.63 32.68 OK
r-devel-linux-x86_64-fedora-clang 1.1 58.63 NOTE
r-devel-linux-x86_64-fedora-gcc 1.1 48.77 NOTE
r-devel-windows-ix86+x86_64 1.1 19.00 61.00 80.00 OK
r-patched-linux-x86_64 1.1 3.60 37.63 41.23 OK
r-patched-solaris-x86 1.1 72.20 NOTE
r-release-linux-x86_64 1.1 4.06 37.78 41.84 OK
r-release-macos-x86_64 1.1 NOTE
r-release-windows-ix86+x86_64 1.1 14.00 65.00 79.00 OK
r-oldrel-macos-x86_64 1.1 NOTE
r-oldrel-windows-ix86+x86_64 1.1 8.00 44.00 52.00 OK

Check Details

Version: 1.1
Check: dependencies in R code
Result: NOTE
    Namespace in Imports field not imported from: ‘geometry’
     All declared Imports should be used.
Flavors: r-devel-linux-x86_64-fedora-clang, r-devel-linux-x86_64-fedora-gcc, r-patched-solaris-x86, r-release-macos-x86_64, r-oldrel-macos-x86_64