Last updated on 2024-04-30 09:54:01 CEST.
Flavor | Version | Tinstall | Tcheck | Ttotal | Status | Flags |
---|---|---|---|---|---|---|
r-devel-linux-x86_64-debian-clang | 0.0.4 | 22.93 | 67.58 | 90.51 | OK | |
r-devel-linux-x86_64-debian-gcc | 0.0.4 | 18.57 | 51.52 | 70.09 | OK | |
r-devel-linux-x86_64-fedora-clang | 0.0.4 | 122.13 | NOTE | |||
r-devel-linux-x86_64-fedora-gcc | 0.0.4 | 131.14 | NOTE | |||
r-devel-windows-x86_64 | 0.0.4 | 21.00 | 86.00 | 107.00 | OK | |
r-patched-linux-x86_64 | 0.0.4 | 24.14 | 66.08 | 90.22 | OK | |
r-release-linux-x86_64 | 0.0.4 | 21.65 | 64.95 | 86.60 | OK | |
r-release-macos-arm64 | 0.0.4 | 41.00 | OK | |||
r-release-windows-x86_64 | 0.0.4 | 22.00 | 84.00 | 106.00 | OK | |
r-oldrel-macos-arm64 | 0.0.4 | 40.00 | OK | |||
r-oldrel-macos-x86_64 | 0.0.4 | 66.00 | OK | |||
r-oldrel-windows-x86_64 | 0.0.4 | 27.00 | 99.00 | 126.00 | OK |
Version: 0.0.4
Check: dependencies in R code
Result: NOTE
Namespace in Imports field not imported from: ‘reshape2’
All declared Imports should be used.
Flavors: r-devel-linux-x86_64-fedora-clang, r-devel-linux-x86_64-fedora-gcc