CRAN Package Check Results for Package OpenStreetMap

Last updated on 2020-08-04 09:48:35 CEST.

Flavor Version Tinstall Tcheck Ttotal Status Flags
r-devel-linux-x86_64-debian-clang 0.3.4 14.37 107.36 121.73 OK
r-devel-linux-x86_64-debian-gcc 0.3.4 11.64 78.38 90.02 OK
r-devel-linux-x86_64-fedora-clang 0.3.4 157.82 OK
r-devel-linux-x86_64-fedora-gcc 0.3.4 142.33 OK
r-devel-windows-ix86+x86_64 0.3.4 35.00 102.00 137.00 OK
r-patched-linux-x86_64 0.3.4 14.31 100.73 115.04 OK
r-patched-solaris-x86 0.3.4 4.70 ERROR
r-release-linux-x86_64 0.3.4 14.72 100.67 115.39 OK
r-release-macos-x86_64 0.3.4 OK
r-release-windows-ix86+x86_64 0.3.4 36.00 122.00 158.00 OK
r-oldrel-macos-x86_64 0.3.4 OK
r-oldrel-windows-ix86+x86_64 0.3.4 23.00 91.00 114.00 OK

Check Details

Version: 0.3.4
Check: package dependencies
Result: ERROR
    Package required but not available: ‘rgdal’
    
    See section ‘The DESCRIPTION file’ in the ‘Writing R Extensions’
    manual.
Flavor: r-patched-solaris-x86