Last updated on 2022-08-12 10:52:24 CEST.
Flavor | Version | Tinstall | Tcheck | Ttotal | Status | Flags |
---|---|---|---|---|---|---|
r-devel-linux-x86_64-debian-clang | 2.20.6 | 2098.63 | 445.21 | 2543.84 | WARN | |
r-devel-linux-x86_64-debian-gcc | 2.20.6 | 1136.01 | 361.48 | 1497.49 | NOTE | |
r-devel-linux-x86_64-fedora-clang | 2.20.6 | 3013.37 | WARN | |||
r-devel-linux-x86_64-fedora-gcc | 2.20.6 | 2385.35 | NOTE | |||
r-devel-windows-x86_64 | 2.20.6 | 2205.00 | 560.00 | 2765.00 | NOTE | |
r-patched-linux-x86_64 | 2.20.6 | 1243.69 | 462.02 | 1705.71 | NOTE | |
r-release-linux-x86_64 | 2.20.6 | 1199.19 | 444.75 | 1643.94 | NOTE | |
r-release-macos-arm64 | 2.20.6 | 539.00 | NOTE | |||
r-release-macos-x86_64 | 2.20.6 | 689.00 | NOTE | |||
r-release-windows-x86_64 | 2.20.6 | 1233.00 | 548.00 | 1781.00 | NOTE | |
r-oldrel-macos-arm64 | 2.20.6 | 425.00 | NOTE | |||
r-oldrel-macos-x86_64 | 2.20.6 | 668.00 | NOTE | |||
r-oldrel-windows-ix86+x86_64 | 2.20.6 | 2680.00 | 693.00 | 3373.00 | NOTE |
Version: 2.20.6
Check: whether package can be installed
Result: WARN
Found the following significant warnings:
omxRAMExpectation.cpp:677:24: warning: use of bitwise '|' with boolean operands [-Wbitwise-instead-of-logical]
omxRAMExpectation.cpp:682:25: warning: use of bitwise '|' with boolean operands [-Wbitwise-instead-of-logical]
Flavors: r-devel-linux-x86_64-debian-clang, r-devel-linux-x86_64-fedora-clang
Version: 2.20.6
Check: package subdirectories
Result: NOTE
Problems with news in 'NEWS.md':
Cannot extract version info from the following section titles:
Older changes
trunk
Flavors: r-devel-linux-x86_64-debian-clang, r-devel-linux-x86_64-debian-gcc, r-devel-linux-x86_64-fedora-clang, r-devel-linux-x86_64-fedora-gcc, r-devel-windows-x86_64
Version: 2.20.6
Check: for GNU extensions in Makefiles
Result: NOTE
GNU make is a SystemRequirements.
Flavors: r-devel-linux-x86_64-debian-clang, r-devel-linux-x86_64-debian-gcc, r-devel-linux-x86_64-fedora-clang, r-devel-linux-x86_64-fedora-gcc, r-devel-windows-x86_64, r-patched-linux-x86_64, r-release-linux-x86_64, r-release-macos-arm64, r-release-macos-x86_64, r-release-windows-x86_64, r-oldrel-macos-arm64, r-oldrel-macos-x86_64, r-oldrel-windows-ix86+x86_64
Version: 2.20.6
Check: installed package size
Result: NOTE
installed size is 187.8Mb
sub-directories of 1Mb or more:
R 2.6Mb
libs 177.1Mb
models 4.8Mb
Flavors: r-devel-linux-x86_64-fedora-clang, r-devel-windows-x86_64, r-release-macos-arm64, r-release-macos-x86_64, r-release-windows-x86_64, r-oldrel-macos-arm64, r-oldrel-macos-x86_64, r-oldrel-windows-ix86+x86_64