Last updated on 2024-04-19 10:57:34 CEST.
Flavor | Version | Tinstall | Tcheck | Ttotal | Status | Flags |
---|---|---|---|---|---|---|
r-devel-linux-x86_64-debian-clang | 2.21.11 | 1683.44 | 415.46 | 2098.90 | NOTE | |
r-devel-linux-x86_64-debian-gcc | 2.21.11 | NOTE | ||||
r-devel-linux-x86_64-fedora-clang | 2.21.11 | 2125.75 | NOTE | |||
r-devel-linux-x86_64-fedora-gcc | 2.21.11 | 3350.58 | NOTE | |||
r-prerel-macos-arm64 | 2.21.11 | 563.00 | NOTE | |||
r-prerel-windows-x86_64 | 2.21.11 | 1220.00 | 463.00 | 1683.00 | NOTE | |
r-patched-linux-x86_64 | 2.21.11 | 1808.34 | 567.73 | 2376.07 | NOTE | |
r-release-linux-x86_64 | 2.21.11 | 1787.87 | 571.69 | 2359.56 | NOTE | |
r-release-macos-arm64 | 2.21.11 | 492.00 | NOTE | |||
r-release-macos-x86_64 | 2.21.11 | 373.00 | NOTE | |||
r-release-windows-x86_64 | 2.21.11 | 1585.00 | 626.00 | 2211.00 | NOTE | |
r-oldrel-macos-arm64 | 2.21.11 | 483.00 | NOTE | |||
r-oldrel-windows-x86_64 | 2.21.11 | 1583.00 | 520.00 | 2103.00 | NOTE |
Version: 2.21.11
Check: for GNU extensions in Makefiles
Result: NOTE
GNU make is a SystemRequirements.
Flavors: r-devel-linux-x86_64-debian-clang, r-devel-linux-x86_64-debian-gcc, r-devel-linux-x86_64-fedora-clang, r-devel-linux-x86_64-fedora-gcc, r-prerel-macos-arm64, r-prerel-windows-x86_64, r-patched-linux-x86_64, r-release-linux-x86_64, r-release-macos-arm64, r-release-macos-x86_64, r-release-windows-x86_64, r-oldrel-macos-arm64, r-oldrel-windows-x86_64
Version: 2.21.11
Check: installed package size
Result: NOTE
installed size is 17.3Mb
sub-directories of 1Mb or more:
R 2.6Mb
data 1.4Mb
libs 6.1Mb
models 4.8Mb
Flavors: r-devel-linux-x86_64-fedora-clang, r-prerel-macos-arm64, r-prerel-windows-x86_64, r-release-macos-arm64, r-release-macos-x86_64, r-release-windows-x86_64, r-oldrel-macos-arm64, r-oldrel-windows-x86_64