CRAN Package Check Results for Package OneArmPhaseTwoStudy

Last updated on 2020-09-19 10:48:11 CEST.

Flavor Version Tinstall Tcheck Ttotal Status Flags
r-devel-linux-x86_64-debian-clang 1.0.3 58.09 78.03 136.12 OK
r-devel-linux-x86_64-debian-gcc 1.0.3 49.14 67.62 116.76 OK
r-devel-linux-x86_64-fedora-clang 1.0.3 211.35 NOTE
r-devel-linux-x86_64-fedora-gcc 1.0.3 193.39 OK
r-devel-windows-ix86+x86_64 1.0.3 144.00 157.00 301.00 OK
r-patched-linux-x86_64 1.0.3 54.81 75.14 129.95 OK
r-patched-solaris-x86 1.0.3 191.30 OK
r-release-linux-x86_64 1.0.3 55.39 74.84 130.23 OK
r-release-macos-x86_64 1.0.3 NOTE
r-release-windows-ix86+x86_64 1.0.3 102.00 154.00 256.00 OK
r-oldrel-macos-x86_64 1.0.3 OK
r-oldrel-windows-ix86+x86_64 1.0.3 100.00 165.00 265.00 OK

Additional issues

clang-UBSAN gcc-UBSAN

Check Details

Version: 1.0.3
Check: installed package size
Result: NOTE
     installed size is 5.9Mb
     sub-directories of 1Mb or more:
     libs 5.7Mb
Flavors: r-devel-linux-x86_64-fedora-clang, r-release-macos-x86_64