Last updated on 2024-05-11 09:51:27 CEST.
Flavor | Version | Tinstall | Tcheck | Ttotal | Status | Flags |
---|---|---|---|---|---|---|
r-devel-linux-x86_64-debian-clang | 0.4 | 13.88 | 123.82 | 137.70 | OK | |
r-devel-linux-x86_64-debian-gcc | 0.4 | 11.10 | 90.36 | 101.46 | OK | |
r-devel-linux-x86_64-fedora-clang | 0.4 | 166.00 | NOTE | |||
r-devel-linux-x86_64-fedora-gcc | 0.4 | 295.41 | NOTE | |||
r-devel-windows-x86_64 | 0.4 | 17.00 | 131.00 | 148.00 | OK | |
r-patched-linux-x86_64 | 0.4 | 10.50 | 117.64 | 128.14 | OK | |
r-release-linux-x86_64 | 0.4 | 8.23 | 113.09 | 121.32 | OK | |
r-release-macos-arm64 | 0.4 | 67.00 | OK | |||
r-release-macos-x86_64 | 0.4 | 162.00 | OK | |||
r-release-windows-x86_64 | 0.4 | 16.00 | 123.00 | 139.00 | OK | |
r-oldrel-macos-arm64 | 0.4 | 71.00 | OK | |||
r-oldrel-macos-x86_64 | 0.4 | 158.00 | OK | |||
r-oldrel-windows-x86_64 | 0.4 | 20.00 | 147.00 | 167.00 | OK |
Version: 0.4
Check: data for non-ASCII characters
Result: NOTE
Note: found 21 marked UTF-8 strings
Flavors: r-devel-linux-x86_64-fedora-clang, r-devel-linux-x86_64-fedora-gcc