Last updated on 2022-06-26 09:53:55 CEST.
Flavor | Version | Tinstall | Tcheck | Ttotal | Status | Flags |
---|---|---|---|---|---|---|
r-devel-linux-x86_64-debian-clang | 1.16 | 28.91 | 368.70 | 397.61 | OK | |
r-devel-linux-x86_64-debian-gcc | 1.16 | 23.50 | 261.19 | 284.69 | OK | |
r-devel-linux-x86_64-fedora-clang | 1.16 | 465.07 | WARN | |||
r-devel-linux-x86_64-fedora-gcc | 1.16 | 471.65 | WARN | |||
r-devel-windows-x86_64 | 1.16 | 77.00 | 425.00 | 502.00 | OK | |
r-patched-linux-x86_64 | 1.16 | 27.56 | 342.53 | 370.09 | OK | |
r-release-linux-x86_64 | 1.16 | 26.06 | 335.58 | 361.64 | OK | |
r-release-macos-arm64 | 1.16 | 122.00 | OK | |||
r-release-macos-x86_64 | 1.16 | 198.00 | OK | |||
r-release-windows-x86_64 | 1.16 | 73.00 | 394.00 | 467.00 | OK | |
r-oldrel-macos-arm64 | 1.16 | 134.00 | OK | |||
r-oldrel-macos-x86_64 | 1.16 | 216.00 | OK | |||
r-oldrel-windows-ix86+x86_64 | 1.16 | 66.00 | 601.00 | 667.00 | OK |
Version: 1.16
Check: package dependencies
Result: WARN
Requires orphaned package: ‘gtools’
Flavors: r-devel-linux-x86_64-fedora-clang, r-devel-linux-x86_64-fedora-gcc