Last updated on 2024-04-18 10:49:55 CEST.
Flavor | Version | Tinstall | Tcheck | Ttotal | Status | Flags |
---|---|---|---|---|---|---|
r-devel-linux-x86_64-debian-clang | 0.27 | 40.61 | 704.10 | 744.71 | OK | |
r-devel-linux-x86_64-debian-gcc | 0.27 | 31.60 | 519.26 | 550.86 | OK | |
r-devel-linux-x86_64-fedora-clang | 0.27 | 995.64 | NOTE | |||
r-devel-linux-x86_64-fedora-gcc | 0.27 | 931.04 | NOTE | |||
r-prerel-macos-arm64 | 0.27 | 270.00 | NOTE | |||
r-prerel-macos-x86_64 | 0.27 | 715.00 | NOTE | |||
r-prerel-windows-x86_64 | 0.27 | 36.00 | 539.00 | 575.00 | OK | |
r-patched-linux-x86_64 | 0.27 | 43.91 | 673.07 | 716.98 | OK | |
r-release-linux-x86_64 | 0.27 | 33.51 | 690.12 | 723.63 | OK | |
r-release-macos-arm64 | 0.27 | 275.00 | NOTE | |||
r-release-macos-x86_64 | 0.27 | 589.00 | NOTE | |||
r-release-windows-x86_64 | 0.27 | 48.00 | 696.00 | 744.00 | OK | |
r-oldrel-macos-arm64 | 0.27 | 271.00 | NOTE | |||
r-oldrel-windows-x86_64 | 0.27 | 50.00 | 676.00 | 726.00 | OK |
Version: 0.27
Check: dependencies in R code
Result: NOTE
Namespace in Imports field not imported from: ‘BiocManager’
All declared Imports should be used.
Flavors: r-devel-linux-x86_64-fedora-clang, r-devel-linux-x86_64-fedora-gcc
Version: 0.27
Check: package dependencies
Result: NOTE
Package suggested but not available for checking: ‘doMPI’
Flavors: r-prerel-macos-arm64, r-prerel-macos-x86_64, r-release-macos-arm64, r-release-macos-x86_64, r-oldrel-macos-arm64