CRAN Package Check Results for Package NBDesign

Last updated on 2023-02-02 09:59:59 CET.

Flavor Version Tinstall Tcheck Ttotal Status Flags
r-devel-linux-x86_64-debian-clang 2.0.0 8.33 71.98 80.31 NOTE
r-devel-linux-x86_64-debian-gcc 2.0.0 6.67 52.71 59.38 NOTE
r-devel-linux-x86_64-fedora-clang 2.0.0 95.29 NOTE
r-devel-linux-x86_64-fedora-gcc 2.0.0 101.87 NOTE
r-patched-linux-x86_64 2.0.0 8.85 65.17 74.02 NOTE
r-release-linux-x86_64 2.0.0 6.04 66.27 72.31 NOTE
r-release-macos-arm64 2.0.0 29.00 NOTE
r-release-macos-x86_64 2.0.0 41.00 NOTE
r-release-windows-x86_64 2.0.0 12.00 100.00 112.00 NOTE
r-oldrel-macos-arm64 2.0.0 38.00 NOTE
r-oldrel-macos-x86_64 2.0.0 62.00 NOTE
r-oldrel-windows-ix86+x86_64 2.0.0 17.00 92.00 109.00 NOTE

Check Details

Version: 2.0.0
Check: LazyData
Result: NOTE
     'LazyData' is specified without a 'data' directory
Flavors: r-devel-linux-x86_64-debian-clang, r-devel-linux-x86_64-debian-gcc, r-devel-linux-x86_64-fedora-clang, r-devel-linux-x86_64-fedora-gcc, r-patched-linux-x86_64, r-release-linux-x86_64, r-release-macos-arm64, r-release-macos-x86_64, r-release-windows-x86_64, r-oldrel-macos-arm64, r-oldrel-macos-x86_64, r-oldrel-windows-ix86+x86_64