Last updated on 2024-05-11 09:51:26 CEST.
Flavor | Version | Tinstall | Tcheck | Ttotal | Status | Flags |
---|---|---|---|---|---|---|
r-devel-linux-x86_64-debian-clang | 0.4.2 | 39.48 | 463.28 | 502.76 | NOTE | |
r-devel-linux-x86_64-debian-gcc | 0.4.2 | 32.50 | 351.21 | 383.71 | NOTE | |
r-devel-linux-x86_64-fedora-clang | 0.4.2 | 699.18 | NOTE | |||
r-devel-linux-x86_64-fedora-gcc | 0.4.2 | 735.60 | NOTE | |||
r-devel-windows-x86_64 | 0.4.2 | 32.00 | 393.00 | 425.00 | NOTE | |
r-patched-linux-x86_64 | 0.4.2 | 36.73 | 443.61 | 480.34 | NOTE | |
r-release-linux-x86_64 | 0.4.2 | 29.03 | 437.17 | 466.20 | NOTE | |
r-release-macos-arm64 | 0.4.2 | 174.00 | NOTE | |||
r-release-windows-x86_64 | 0.4.2 | 34.00 | 396.00 | 430.00 | NOTE | |
r-oldrel-macos-arm64 | 0.4.2 | 188.00 | OK | |||
r-oldrel-macos-x86_64 | 0.4.2 | 273.00 | OK | |||
r-oldrel-windows-x86_64 | 0.4.2 | 41.00 | 492.00 | 533.00 | OK |
Version: 0.4.2
Check: Rd files
Result: NOTE
checkRd: (-1) PipeOpMice.Rd:33: Lost braces; missing escapes or markup?
33 | set of methods to chose. Avalible methods {"pmm", "midastouch", "sample", "cart", "rf"} Default 'pmm'. If seted on NULL this methods are used predictive mean matching (numeric data) logreg, logistic regression imputation (binary data, factor with 2 levels) polyreg, polytomous regression imputation for unordered categorical data (factor > 2 levels) polr, proportional odds model for (ordered, > 2 levels).
| ^
Flavors: r-devel-linux-x86_64-debian-clang, r-devel-linux-x86_64-debian-gcc, r-devel-linux-x86_64-fedora-clang, r-devel-linux-x86_64-fedora-gcc, r-devel-windows-x86_64, r-patched-linux-x86_64, r-release-linux-x86_64, r-release-macos-arm64, r-release-windows-x86_64
Version: 0.4.2
Check: dependencies in R code
Result: NOTE
Namespaces in Imports field not imported from:
‘glmnet’ ‘mlr3learners’ ‘rpart’
All declared Imports should be used.
Flavors: r-devel-linux-x86_64-fedora-clang, r-devel-linux-x86_64-fedora-gcc