Last updated on 2024-04-28 10:54:00 CEST.
Flavor | Version | Tinstall | Tcheck | Ttotal | Status | Flags |
---|---|---|---|---|---|---|
r-devel-linux-x86_64-debian-clang | 1.1.3 | 7.30 | 78.96 | 86.26 | OK | |
r-devel-linux-x86_64-debian-gcc | 1.1.3 | 5.05 | 58.06 | 63.11 | OK | |
r-devel-linux-x86_64-fedora-clang | 1.1.3 | 107.65 | NOTE | |||
r-devel-linux-x86_64-fedora-gcc | 1.1.3 | 121.91 | NOTE | |||
r-devel-windows-x86_64 | 1.1.3 | 7.00 | 74.00 | 81.00 | OK | |
r-patched-linux-x86_64 | 1.1.3 | 7.25 | 73.44 | 80.69 | OK | |
r-release-linux-x86_64 | 1.1.3 | 7.78 | 76.65 | 84.43 | OK | |
r-release-macos-arm64 | 1.1.3 | 39.00 | OK | |||
r-release-windows-x86_64 | 1.1.3 | 8.00 | 75.00 | 83.00 | OK | |
r-oldrel-macos-arm64 | 1.1.3 | 43.00 | OK | |||
r-oldrel-macos-x86_64 | 1.1.3 | 63.00 | OK | |||
r-oldrel-windows-x86_64 | 1.1.3 | 10.00 | 89.00 | 99.00 | OK |
Version: 1.1.3
Check: data for non-ASCII characters
Result: NOTE
Note: found 6 marked UTF-8 strings
Flavors: r-devel-linux-x86_64-fedora-clang, r-devel-linux-x86_64-fedora-gcc